{"id":903,"date":"2017-06-30T11:55:22","date_gmt":"2017-06-30T09:55:22","guid":{"rendered":"http:\/\/nfg24.de\/w_press\/?page_id=903"},"modified":"2025-01-17T10:37:50","modified_gmt":"2025-01-17T09:37:50","slug":"schulverein","status":"publish","type":"page","link":"https:\/\/nfg24.de\/w_press\/partner\/schulverein\/","title":{"rendered":"Schulverein"},"content":{"rendered":"<p><img loading=\"lazy\" decoding=\"async\" class=\"alignleft wp-image-6077 size-thumbnail\" src=\"https:\/\/nfg24.de\/w_press\/wp-content\/uploads\/2023\/09\/Logo-Schulverein-nfg-100x100.jpeg\" alt=\"\" width=\"100\" height=\"100\" srcset=\"https:\/\/nfg24.de\/w_press\/wp-content\/uploads\/2023\/09\/Logo-Schulverein-nfg-100x100.jpeg 100w, https:\/\/nfg24.de\/w_press\/wp-content\/uploads\/2023\/09\/Logo-Schulverein-nfg-300x300.jpeg 300w, https:\/\/nfg24.de\/w_press\/wp-content\/uploads\/2023\/09\/Logo-Schulverein-nfg-600x600.jpeg 600w, https:\/\/nfg24.de\/w_press\/wp-content\/uploads\/2023\/09\/Logo-Schulverein-nfg-768x768.jpeg 768w, https:\/\/nfg24.de\/w_press\/wp-content\/uploads\/2023\/09\/Logo-Schulverein-nfg.jpeg 1536w\" sizes=\"auto, (max-width: 100px) 100vw, 100px\" \/>Der <strong><em>Schulverein der neuen friedl\u00e4nder gesamtschule e. V.<\/em> <\/strong>geh\u00f6rt zu den \u00e4ltesten und zuverl\u00e4ssigsten Partnern der neuen friedl\u00e4nder gesamtschule. Seit seiner Gr\u00fcndung im Jahr 1992 f\u00f6rdert er die Bildungs- und Erziehungsarbeit der Schule auf vielf\u00e4ltige Weise.<\/p>\n<p>Eine sichere finanzielle Grundlage, die vor allem durch Spenden der Partner:innen unserer Schule, durch Mitgliedsbeitr\u00e4ge und auch Spenden von Vertreter:innen der Altsch\u00fclerschaft geleistet wird, erm\u00f6glicht dem Verein, Projekte, Wettbewerbe und eine bessere technische Ausstattung der Schule zu unterst\u00fctzen. Zu den Traditionen des Vereins geh\u00f6rt die j\u00e4hrliche W\u00fcrdigung der besten Absolvent:innen der Abschlussjahrg\u00e4nge sowohl im regionalen wie im gymnasialen Bereich.<br \/>Der Schulverein stellt sich das Ziel, die mehr als 650-j\u00e4hrige humanistische Tradition des alten Friedl\u00e4nder Gymnasiums und die progressiven Ziele der \u00fcber 200-j\u00e4hrigen Geschichte der B\u00fcrger-, Volks-, Ober- und Regionalschule durch die F\u00f6rderung der neuen friedl\u00e4nder gesamtschule zu pflegen.<\/p>\n<p style=\"text-align: justify;\"><strong>Mitglieder des Vorstandes<\/strong><br \/>Frau G\u00fcnschmann (Vorsitzende), Frau Meier-Ebert (Kassenw\u00e4rtin), Frau K\u00f6hler (stell. Vorsitzende)<\/p>\n<p style=\"text-align: justify;\"><img loading=\"lazy\" decoding=\"async\" class=\"aligncenter wp-image-6380 size-large\" src=\"https:\/\/nfg24.de\/w_press\/wp-content\/uploads\/2024\/04\/1000075175-800x533.jpg\" alt=\"\" width=\"780\" height=\"520\" srcset=\"https:\/\/nfg24.de\/w_press\/wp-content\/uploads\/2024\/04\/1000075175-800x533.jpg 800w, https:\/\/nfg24.de\/w_press\/wp-content\/uploads\/2024\/04\/1000075175-400x267.jpg 400w, https:\/\/nfg24.de\/w_press\/wp-content\/uploads\/2024\/04\/1000075175-768x512.jpg 768w, https:\/\/nfg24.de\/w_press\/wp-content\/uploads\/2024\/04\/1000075175.jpg 900w\" sizes=\"auto, (max-width: 780px) 100vw, 780px\" \/><\/p>\n<h2>Unterst\u00fctzen Sie unsere Arbeit. Werden Sie Mitglied oder spenden Sie.<\/h2>\n<p><a href=\"https:\/\/nfg24.de\/w_press\/wp-content\/uploads\/2025\/01\/Beitrittserklaerung.pdf\" target=\"_blank\" rel=\"noopener\">Aufnahmeantrag<\/a><\/p>\n<p><a href=\"https:\/\/nfg24.de\/w_press\/wp-content\/uploads\/2025\/01\/Spendenb.pdf.pdf\" target=\"_blank\" rel=\"noopener\">Spendenvereinbarung<\/a> (PDF), <a href=\"https:\/\/nfg24.de\/w_press\/wp-content\/uploads\/2025\/01\/Spendenvereinbarung.docx\" target=\"_blank\" rel=\"noopener\">Spendenvereinbarung<\/a> (DOCX)<\/p>\n<p><a href=\"http:\/\/nfg24.de\/w_press\/wp-content\/uploads\/2021\/09\/neue-Satzung-Schulverein-2021.pdf\">Satzung<\/a><\/p>\n<p>Kontaktm\u00f6glichkeit \u00fcber schulverein (at) nfg24.de<\/p>\n\n\n<p><\/p>\n","protected":false},"excerpt":{"rendered":"<p>Der Schulverein der neuen friedl\u00e4nder gesamtschule e. V. geh\u00f6rt zu den \u00e4ltesten und zuverl\u00e4ssigsten Partnern der neuen friedl\u00e4nder gesamtschule. Seit seiner Gr\u00fcndung im Jahr 1992 f\u00f6rdert er die Bildungs- und Erziehungsarbeit der Schule auf vielf\u00e4ltige &hellip; <a href=\"https:\/\/nfg24.de\/w_press\/partner\/schulverein\/\">Weiterlesen<\/a><\/p>\n","protected":false},"author":1,"featured_media":0,"parent":25,"menu_order":0,"comment_status":"closed","ping_status":"closed","template":"fullwidth.php","meta":{"footnotes":""},"class_list":["post-903","page","type-page","status-publish","hentry"],"_links":{"self":[{"href":"https:\/\/nfg24.de\/w_press\/wp-json\/wp\/v2\/pages\/903","targetHints":{"allow":["GET"]}}],"collection":[{"href":"https:\/\/nfg24.de\/w_press\/wp-json\/wp\/v2\/pages"}],"about":[{"href":"https:\/\/nfg24.de\/w_press\/wp-json\/wp\/v2\/types\/page"}],"author":[{"embeddable":true,"href":"https:\/\/nfg24.de\/w_press\/wp-json\/wp\/v2\/users\/1"}],"replies":[{"embeddable":true,"href":"https:\/\/nfg24.de\/w_press\/wp-json\/wp\/v2\/comments?post=903"}],"version-history":[{"count":22,"href":"https:\/\/nfg24.de\/w_press\/wp-json\/wp\/v2\/pages\/903\/revisions"}],"predecessor-version":[{"id":6737,"href":"https:\/\/nfg24.de\/w_press\/wp-json\/wp\/v2\/pages\/903\/revisions\/6737"}],"up":[{"embeddable":true,"href":"https:\/\/nfg24.de\/w_press\/wp-json\/wp\/v2\/pages\/25"}],"wp:attachment":[{"href":"https:\/\/nfg24.de\/w_press\/wp-json\/wp\/v2\/media?parent=903"}],"curies":[{"name":"wp","href":"https:\/\/api.w.org\/{rel}","templated":true}]}}

<p><img loading="lazy" decoding="async" class="alignleft wp-image-6077 size-thumbnail" src="https://nfg24.de/w_press/wp-content/uploads/2023/09/Logo-Schulverein-nfg-100x100.jpeg" alt="" width="100" height="100" srcset="https://nfg24.de/w_press/wp-content/uploads/2023/09/Logo-Schulverein-nfg-100x100.jpeg 100w, https://nfg24.de/w_press/wp-content/uploads/2023/09/Logo-Schulverein-nfg-300x300.jpeg 300w, https://nfg24.de/w_press/wp-content/uploads/2023/09/Logo-Schulverein-nfg-600x600.jpeg 600w, https://nfg24.de/w_press/wp-content/uploads/2023/09/Logo-Schulverein-nfg-768x768.jpeg 768w, https://nfg24.de/w_press/wp-content/uploads/2023/09/Logo-Schulverein-nfg.jpeg 1536w" sizes="auto, (max-width: 100px) 100vw, 100px" />Der <strong><em>Schulverein der neuen friedländer gesamtschule e. V.</em> </strong>gehört zu den ältesten und zuverlässigsten Partnern der neuen friedländer gesamtschule. Seit seiner Gründung im Jahr 1992 fördert er die Bildungs- und Erziehungsarbeit der Schule auf vielfältige Weise.</p>
<p>Eine sichere finanzielle Grundlage, die vor allem durch Spenden der Partner:innen unserer Schule, durch Mitgliedsbeiträge und auch Spenden von Vertreter:innen der Altschülerschaft geleistet wird, ermöglicht dem Verein, Projekte, Wettbewerbe und eine bessere technische Ausstattung der Schule zu unterstützen. Zu den Traditionen des Vereins gehört die jährliche Würdigung der besten Absolvent:innen der Abschlussjahrgänge sowohl im regionalen wie im gymnasialen Bereich.<br />Der Schulverein stellt sich das Ziel, die mehr als 650-jährige humanistische Tradition des alten Friedländer Gymnasiums und die progressiven Ziele der über 200-jährigen Geschichte der Bürger-, Volks-, Ober- und Regionalschule durch die Förderung der neuen friedländer gesamtschule zu pflegen.</p>
<p style="text-align: justify;"><strong>Mitglieder des Vorstandes</strong><br />Frau Günschmann (Vorsitzende), Frau Meier-Ebert (Kassenwärtin), Frau Köhler (stell. Vorsitzende)</p>
<p style="text-align: justify;"><img loading="lazy" decoding="async" class="aligncenter wp-image-6380 size-large" src="https://nfg24.de/w_press/wp-content/uploads/2024/04/1000075175-800x533.jpg" alt="" width="780" height="520" srcset="https://nfg24.de/w_press/wp-content/uploads/2024/04/1000075175-800x533.jpg 800w, https://nfg24.de/w_press/wp-content/uploads/2024/04/1000075175-400x267.jpg 400w, https://nfg24.de/w_press/wp-content/uploads/2024/04/1000075175-768x512.jpg 768w, https://nfg24.de/w_press/wp-content/uploads/2024/04/1000075175.jpg 900w" sizes="auto, (max-width: 780px) 100vw, 780px" /></p>
<h2>Unterstützen Sie unsere Arbeit. Werden Sie Mitglied oder spenden Sie.</h2>
<p><a href="https://nfg24.de/w_press/wp-content/uploads/2025/01/Beitrittserklaerung.pdf" target="_blank" rel="noopener">Aufnahmeantrag</a></p>
<p><a href="https://nfg24.de/w_press/wp-content/uploads/2025/01/Spendenb.pdf.pdf" target="_blank" rel="noopener">Spendenvereinbarung</a> (PDF), <a href="https://nfg24.de/w_press/wp-content/uploads/2025/01/Spendenvereinbarung.docx" target="_blank" rel="noopener">Spendenvereinbarung</a> (DOCX)</p>
<p><a href="http://nfg24.de/w_press/wp-content/uploads/2021/09/neue-Satzung-Schulverein-2021.pdf">Satzung</a></p>
<p>Kontaktmöglichkeit über schulverein (at) nfg24.de</p>


<p></p>

<p>Der Schulverein der neuen friedländer gesamtschule e. V. gehört zu den ältesten und zuverlässigsten Partnern der neuen friedländer gesamtschule. Seit seiner Gründung im Jahr 1992 fördert er die Bildungs- und Erziehungsarbeit der Schule auf vielfältige &hellip; <a href="https://nfg24.de/w_press/partner/schulverein/">Weiterlesen</a></p>
