{"id":2749,"date":"2019-09-25T14:51:51","date_gmt":"2019-09-25T12:51:51","guid":{"rendered":"http:\/\/nfg24.de\/w_press\/?page_id=2749"},"modified":"2021-12-21T12:37:40","modified_gmt":"2021-12-21T11:37:40","slug":"schulelternrat","status":"publish","type":"page","link":"https:\/\/nfg24.de\/w_press\/gremien\/schulelternrat\/","title":{"rendered":"Schulelternrat"},"content":{"rendered":"<p>Liebe Elternschaft der nfg,<br \/>\nan dieser Stelle m\u00f6chten wir die Gelegenheit nutzen, um Sie \u00fcber alles Wichtige aus dem Elternrat sowie aktuelle Projekte zu informieren. Wir freuen uns \u00fcber Ihre Ideen, Hinweise und R\u00fcckmeldungen. In unserem <a href=\"http:\/\/nfg24.de\/w_press\/gremien\/schulelternrat\/newsarchiv-des-schulelternrates\/\" target=\"_blank\" rel=\"noopener noreferrer\">Newsarchiv<\/a> finden Sie vergangene Informationen zum Nachlesen.<\/p>\n<p>Ihr Schulelternrat<\/p>\n<hr \/>\n<h2>Neuigkeiten aus des Schulelternrat<\/h2>\n<h3>Dezember 2021<\/h3>\n<p><strong>R\u00fcckblick in das Jahr 2021<\/strong><\/p>\n<p>Schule soll Kinder und Jugendliche auf ein Leben vorbereiten, in dem sie die Herausforderungen in Beruf und Familie selbstbestimmt und erfolgreich bew\u00e4ltigen \u2013 so der Leitsatz unserer Schule. Dazu geh\u00f6rt nach wie vor die Vermittlung einer umfassenden Allgemeinbildung. Im 21. Jahrhundert allerdings w\u00e4chst der Umfang menschlichen Wissens exponentiell und verdoppelt sich inzwischen alle 2 Jahre. Google und Co sind im Zeitalter dieser Wissensexplosion nicht mehr wegzudenken. Sie erm\u00f6glichen uns den schnellen Zugriff auf die jeweils ben\u00f6tigten Informationen. Die Schule muss auf diese Bedingungen reagieren und Bildung viel weiter fassen. Methoden-, Sozial- oder Selbstkompetenz sind neben der Sachkompetenz unerl\u00e4sslich, um sicher, bewusst und erfolgreich handeln zu k\u00f6nnen. Alle gemeinsam haben wir auch in diesem Jahr unter Einsatz aller Kr\u00e4fte mithilfe der neuen Technik und im stetigen Ausbau dieser an der nfg gearbeitet.<\/p>\n<p>Auch das Jahr 2021 war wieder einmal herausfordernd \u2013 Schule unter Pandemiebedingungen mit bekannter Personalnot. \u00a0Gerade in dieser Zeit ist die Akzeptanz verschiedener Meinungen, solange sie sich auf dem Boden des Grundgesetzes bewegen, und ein Zusammenwirken aller Beteiligten in offenen Gespr\u00e4chen besonders wichtig \u2013 dazu m\u00f6chten wir alle am Schulleben beteiligten Personen ermuntern.<\/p>\n<p>Es bleibt dabei: Sowohl Ihr Ziel als Eltern, als auch unser Ziel ist es selbstbewusste, starke und auf das Leben gut vorbereitete junge Menschen aus unserer Schule zu verabschieden. Hieran werden wir gemeinsam gemessen, hieran m\u00fcssen wir gemeinsam arbeiten. Ein starkes MITEINANDER ist erforderlich, um die gesellschaftliche und damit die f\u00fcr uns vorrangige schulische Situation zu bew\u00e4ltigen.<\/p>\n<p>Wir sind hier auf einem guten Weg. Elternversammlungen konnten stattfinden, die Kommunikationswege zwischen Schule und Elternh\u00e4usern wurden ausgebaut. Neue Wege wurden gefunden und in ihrer Qualit\u00e4t verbessert. Begriffe wie Hybridveranstaltung, Pr\u00e4senz- und Distanzunterricht begleiteten uns auch in 2021. Der Schulelternrat, mithin die Elternvertreter der Klassen, kamen in Pr\u00e4sens- und Onlineveranstaltungen zusammen, um Probleme, \u00c4ngste und L\u00f6sungsvorschl\u00e4ge in die Schulkonferenz einzubringen. Die Schulkonferenz der nfg \u2013 ein Gremium aus Vertretern der Sch\u00fclerinnen und Sch\u00fcler, der Eltern und der Lehrkr\u00e4fte kam planm\u00e4\u00dfig zusammen. Stetig wurde am Hygienekonzept der nfg gearbeitet, um unseren Sch\u00fclerinnen und Sch\u00fclern ein Lernen am Ort Schule so lange, wie pandemisch bedingt, m\u00f6glich zu gew\u00e4hrleisten.<\/p>\n<p>Ein gutes MITEINANDER zeigt die Zusammenarbeit mit dem Intensivp\u00e4dagogisch-therapeutischen Kinder-, Jugend- und Elternzentrum Sch\u00f6nhof in Salow. Bereits im Amtsblatt November 2021 haben wir \u00fcber dieses positive Integrationsprojekt ausf\u00fchrlich berichtet. Unsere Zusammenarbeit wird im n\u00e4chsten Jahr mit gemeinsamen Projekten beider Einrichtungen fortgesetzt.<\/p>\n<p>Eine Erfolgsgeschichte schreibt das Projekt Schulgarten an der nfg \u2013 verfolgen Sie hier die Entwicklung auf unserer Homepage. Sowohl im Unterricht als auch im Ganztagsschulangebot ist der Schulgarten integriert.<\/p>\n<p>Der Arbeitskreis Schulwegsicherung hat seine Arbeit aufgenommen, wie Sie sicher dem Amtsblatt November 2021 entnommen haben. Hier wird es im Januar 2022 weitere Aktivit\u00e4ten geben, \u00fcber die zu berichten sein wird. Veranstaltungen im Atrium sind f\u00fcr 2022 in Planung. Das Team des Arbeitskreises wird sich im Januar 2022 mit seinen Pl\u00e4nen vorstellen.<\/p>\n<p>Die Ver\u00e4nderungen im Lehrerkollegium setzten sich fort. Erfahrene Lehrkr\u00e4fte beenden ihre Laufbahn und werden vielfach durch gut ausgebildete junge Lehrerinnen und Lehrer ersetzt.<\/p>\n<p>Die Mittel des Digitalpaktes f\u00fcr die nfg sind vollst\u00e4ndig geplant. Die Umsetzung wird 2022 erfolgen und die Ausstattung der Schule nochmals auf ein h\u00f6heres Level setzen. Bleibt zu hoffen, dass auch den Ausbau in den Wohnorten unserer Sch\u00fclerinnen und Sch\u00fcler so vorangeht, dass alle Haushalte mit der sehr guten Ausstattung der Schule auch erreichbar sind.<\/p>\n<p>Der Mensaanbau befindet sich in der Endphase der Planung. Im Sommer 2022 soll Baubeginn sein. Am 02. Februar 2022 werden die Planungen der Schulkonferenz vorgestellt.<\/p>\n<p>Die letzten 20 Monate haben auch an der Schulorganisation eine Menge ver\u00e4ndert. Nicht alles ist immer auf Akzeptanz gesto\u00dfen. Wir k\u00f6nnen Ihnen Eines versichern: Auch in Zukunft werden wir alles tun, um unter den uns vorgegebenen Bedingungen \u00a0unsere Sch\u00fclerinnen und Sch\u00fcler optimal auf die Zukunft vorzubereiten. N\u00f6tig ist dazu die Unterst\u00fctzung der Eltern und die, auch durch Taten sichtbare, oft formulierte Gewissheit, dass unsere Kinder die Zukunft unseres Landes sind.<\/p>\n<p>Wir w\u00fcnschen allen Eltern, Sch\u00fclerinnen und Sch\u00fclern, Lehrerinnen und Lehrern der nfg alles Gute f\u00fcr die verbleibenden Tage des alten Jahres, trotz allem besinnliche Weihnachten und ein erfolgreiches, gutes und vor allem gesundes Jahr 2022.<\/p>\n<p>Heiko B\u00f6hnke, Schulleiter<br \/>\nManuela K\u00f6hler, Vorsitzende des Schulelternrates und der Schulkonferenz<\/p>\n<p>&nbsp;<\/p>\n","protected":false},"excerpt":{"rendered":"<p>Liebe Elternschaft der nfg, an dieser Stelle m\u00f6chten wir die Gelegenheit nutzen, um Sie \u00fcber alles Wichtige aus dem Elternrat sowie aktuelle Projekte zu informieren. Wir freuen uns \u00fcber Ihre Ideen, Hinweise und R\u00fcckmeldungen. In &hellip; <a href=\"https:\/\/nfg24.de\/w_press\/gremien\/schulelternrat\/\">Weiterlesen<\/a><\/p>\n","protected":false},"author":1,"featured_media":1082,"parent":23,"menu_order":4,"comment_status":"closed","ping_status":"closed","template":"fullwidth.php","meta":{"footnotes":""},"class_list":["post-2749","page","type-page","status-publish","has-post-thumbnail","hentry"],"_links":{"self":[{"href":"https:\/\/nfg24.de\/w_press\/wp-json\/wp\/v2\/pages\/2749","targetHints":{"allow":["GET"]}}],"collection":[{"href":"https:\/\/nfg24.de\/w_press\/wp-json\/wp\/v2\/pages"}],"about":[{"href":"https:\/\/nfg24.de\/w_press\/wp-json\/wp\/v2\/types\/page"}],"author":[{"embeddable":true,"href":"https:\/\/nfg24.de\/w_press\/wp-json\/wp\/v2\/users\/1"}],"replies":[{"embeddable":true,"href":"https:\/\/nfg24.de\/w_press\/wp-json\/wp\/v2\/comments?post=2749"}],"version-history":[{"count":17,"href":"https:\/\/nfg24.de\/w_press\/wp-json\/wp\/v2\/pages\/2749\/revisions"}],"predecessor-version":[{"id":4777,"href":"https:\/\/nfg24.de\/w_press\/wp-json\/wp\/v2\/pages\/2749\/revisions\/4777"}],"up":[{"embeddable":true,"href":"https:\/\/nfg24.de\/w_press\/wp-json\/wp\/v2\/pages\/23"}],"wp:featuredmedia":[{"embeddable":true,"href":"https:\/\/nfg24.de\/w_press\/wp-json\/wp\/v2\/media\/1082"}],"wp:attachment":[{"href":"https:\/\/nfg24.de\/w_press\/wp-json\/wp\/v2\/media?parent=2749"}],"curies":[{"name":"wp","href":"https:\/\/api.w.org\/{rel}","templated":true}]}}

<p>Liebe Elternschaft der nfg,<br />
an dieser Stelle möchten wir die Gelegenheit nutzen, um Sie über alles Wichtige aus dem Elternrat sowie aktuelle Projekte zu informieren. Wir freuen uns über Ihre Ideen, Hinweise und Rückmeldungen. In unserem <a href="http://nfg24.de/w_press/gremien/schulelternrat/newsarchiv-des-schulelternrates/" target="_blank" rel="noopener noreferrer">Newsarchiv</a> finden Sie vergangene Informationen zum Nachlesen.</p>
<p>Ihr Schulelternrat</p>
<hr />
<h2>Neuigkeiten aus des Schulelternrat</h2>
<h3>Dezember 2021</h3>
<p><strong>Rückblick in das Jahr 2021</strong></p>
<p>Schule soll Kinder und Jugendliche auf ein Leben vorbereiten, in dem sie die Herausforderungen in Beruf und Familie selbstbestimmt und erfolgreich bewältigen – so der Leitsatz unserer Schule. Dazu gehört nach wie vor die Vermittlung einer umfassenden Allgemeinbildung. Im 21. Jahrhundert allerdings wächst der Umfang menschlichen Wissens exponentiell und verdoppelt sich inzwischen alle 2 Jahre. Google und Co sind im Zeitalter dieser Wissensexplosion nicht mehr wegzudenken. Sie ermöglichen uns den schnellen Zugriff auf die jeweils benötigten Informationen. Die Schule muss auf diese Bedingungen reagieren und Bildung viel weiter fassen. Methoden-, Sozial- oder Selbstkompetenz sind neben der Sachkompetenz unerlässlich, um sicher, bewusst und erfolgreich handeln zu können. Alle gemeinsam haben wir auch in diesem Jahr unter Einsatz aller Kräfte mithilfe der neuen Technik und im stetigen Ausbau dieser an der nfg gearbeitet.</p>
<p>Auch das Jahr 2021 war wieder einmal herausfordernd – Schule unter Pandemiebedingungen mit bekannter Personalnot.  Gerade in dieser Zeit ist die Akzeptanz verschiedener Meinungen, solange sie sich auf dem Boden des Grundgesetzes bewegen, und ein Zusammenwirken aller Beteiligten in offenen Gesprächen besonders wichtig – dazu möchten wir alle am Schulleben beteiligten Personen ermuntern.</p>
<p>Es bleibt dabei: Sowohl Ihr Ziel als Eltern, als auch unser Ziel ist es selbstbewusste, starke und auf das Leben gut vorbereitete junge Menschen aus unserer Schule zu verabschieden. Hieran werden wir gemeinsam gemessen, hieran müssen wir gemeinsam arbeiten. Ein starkes MITEINANDER ist erforderlich, um die gesellschaftliche und damit die für uns vorrangige schulische Situation zu bewältigen.</p>
<p>Wir sind hier auf einem guten Weg. Elternversammlungen konnten stattfinden, die Kommunikationswege zwischen Schule und Elternhäusern wurden ausgebaut. Neue Wege wurden gefunden und in ihrer Qualität verbessert. Begriffe wie Hybridveranstaltung, Präsenz- und Distanzunterricht begleiteten uns auch in 2021. Der Schulelternrat, mithin die Elternvertreter der Klassen, kamen in Präsens- und Onlineveranstaltungen zusammen, um Probleme, Ängste und Lösungsvorschläge in die Schulkonferenz einzubringen. Die Schulkonferenz der nfg – ein Gremium aus Vertretern der Schülerinnen und Schüler, der Eltern und der Lehrkräfte kam planmäßig zusammen. Stetig wurde am Hygienekonzept der nfg gearbeitet, um unseren Schülerinnen und Schülern ein Lernen am Ort Schule so lange, wie pandemisch bedingt, möglich zu gewährleisten.</p>
<p>Ein gutes MITEINANDER zeigt die Zusammenarbeit mit dem Intensivpädagogisch-therapeutischen Kinder-, Jugend- und Elternzentrum Schönhof in Salow. Bereits im Amtsblatt November 2021 haben wir über dieses positive Integrationsprojekt ausführlich berichtet. Unsere Zusammenarbeit wird im nächsten Jahr mit gemeinsamen Projekten beider Einrichtungen fortgesetzt.</p>
<p>Eine Erfolgsgeschichte schreibt das Projekt Schulgarten an der nfg – verfolgen Sie hier die Entwicklung auf unserer Homepage. Sowohl im Unterricht als auch im Ganztagsschulangebot ist der Schulgarten integriert.</p>
<p>Der Arbeitskreis Schulwegsicherung hat seine Arbeit aufgenommen, wie Sie sicher dem Amtsblatt November 2021 entnommen haben. Hier wird es im Januar 2022 weitere Aktivitäten geben, über die zu berichten sein wird. Veranstaltungen im Atrium sind für 2022 in Planung. Das Team des Arbeitskreises wird sich im Januar 2022 mit seinen Plänen vorstellen.</p>
<p>Die Veränderungen im Lehrerkollegium setzten sich fort. Erfahrene Lehrkräfte beenden ihre Laufbahn und werden vielfach durch gut ausgebildete junge Lehrerinnen und Lehrer ersetzt.</p>
<p>Die Mittel des Digitalpaktes für die nfg sind vollständig geplant. Die Umsetzung wird 2022 erfolgen und die Ausstattung der Schule nochmals auf ein höheres Level setzen. Bleibt zu hoffen, dass auch den Ausbau in den Wohnorten unserer Schülerinnen und Schüler so vorangeht, dass alle Haushalte mit der sehr guten Ausstattung der Schule auch erreichbar sind.</p>
<p>Der Mensaanbau befindet sich in der Endphase der Planung. Im Sommer 2022 soll Baubeginn sein. Am 02. Februar 2022 werden die Planungen der Schulkonferenz vorgestellt.</p>
<p>Die letzten 20 Monate haben auch an der Schulorganisation eine Menge verändert. Nicht alles ist immer auf Akzeptanz gestoßen. Wir können Ihnen Eines versichern: Auch in Zukunft werden wir alles tun, um unter den uns vorgegebenen Bedingungen  unsere Schülerinnen und Schüler optimal auf die Zukunft vorzubereiten. Nötig ist dazu die Unterstützung der Eltern und die, auch durch Taten sichtbare, oft formulierte Gewissheit, dass unsere Kinder die Zukunft unseres Landes sind.</p>
<p>Wir wünschen allen Eltern, Schülerinnen und Schülern, Lehrerinnen und Lehrern der nfg alles Gute für die verbleibenden Tage des alten Jahres, trotz allem besinnliche Weihnachten und ein erfolgreiches, gutes und vor allem gesundes Jahr 2022.</p>
<p>Heiko Böhnke, Schulleiter<br />
Manuela Köhler, Vorsitzende des Schulelternrates und der Schulkonferenz</p>
<p>&nbsp;</p>

<p>Liebe Elternschaft der nfg, an dieser Stelle möchten wir die Gelegenheit nutzen, um Sie über alles Wichtige aus dem Elternrat sowie aktuelle Projekte zu informieren. Wir freuen uns über Ihre Ideen, Hinweise und Rückmeldungen. In &hellip; <a href="https://nfg24.de/w_press/gremien/schulelternrat/">Weiterlesen</a></p>
