{"id":25,"date":"2016-10-20T11:53:33","date_gmt":"2016-10-20T09:53:33","guid":{"rendered":"http:\/\/nfg24.de\/w_press\/?page_id=25"},"modified":"2023-09-19T23:45:44","modified_gmt":"2023-09-19T21:45:44","slug":"partner","status":"publish","type":"page","link":"https:\/\/nfg24.de\/w_press\/partner\/","title":{"rendered":"Schulpartner"},"content":{"rendered":"<p style=\"text-align: justify;\">Viele Partner erg\u00e4nzen und bereichern das Leben an unserer Schule durch ihre Vielfalt und Professionalit\u00e4t. Neben finanzieller und materieller Unterst\u00fctzung engagieren sich unsere F\u00f6rderer auch selbst bei der Durchf\u00fchrung einer Reihe von Unterrichtsrojekten wie z. B. in der Berufsorientierung, bei Filmprojekten, der Durchf\u00fchrung von Workshops im Fachbereich Kunst, usw.<br \/>\nMit der Partnerschule in Frydlant nad Ostravice besteht ein sehr reger Kontakt, wobei die regelm\u00e4\u00dfen gegenseitigen Besuche der Sch\u00fcler jeweils besondere H\u00f6hepunkte darstellen.<br \/>\nDer Schulverein f\u00fcr hohe Bildung der Jugend e. V. begleitet die Arbeit an unserer Schule seit vielen Jahren durch die Auszeichnung besonderer Leistungen unserer Absolventen, Initiativen zur Verbesserung der s\u00e4chlichen Austattung und finanzielle Unterst\u00fctzung von Schulprojekten.<\/p>\n","protected":false},"excerpt":{"rendered":"<p>Viele Partner erg\u00e4nzen und bereichern das Leben an unserer Schule durch ihre Vielfalt und Professionalit\u00e4t. Neben finanzieller und materieller Unterst\u00fctzung engagieren sich unsere F\u00f6rderer auch selbst bei der Durchf\u00fchrung einer Reihe von Unterrichtsrojekten wie z. &hellip; <a href=\"https:\/\/nfg24.de\/w_press\/partner\/\">Weiterlesen<\/a><\/p>\n","protected":false},"author":1,"featured_media":1083,"parent":0,"menu_order":0,"comment_status":"closed","ping_status":"closed","template":"fullwidth.php","meta":{"footnotes":""},"class_list":["post-25","page","type-page","status-publish","has-post-thumbnail","hentry"],"_links":{"self":[{"href":"https:\/\/nfg24.de\/w_press\/wp-json\/wp\/v2\/pages\/25","targetHints":{"allow":["GET"]}}],"collection":[{"href":"https:\/\/nfg24.de\/w_press\/wp-json\/wp\/v2\/pages"}],"about":[{"href":"https:\/\/nfg24.de\/w_press\/wp-json\/wp\/v2\/types\/page"}],"author":[{"embeddable":true,"href":"https:\/\/nfg24.de\/w_press\/wp-json\/wp\/v2\/users\/1"}],"replies":[{"embeddable":true,"href":"https:\/\/nfg24.de\/w_press\/wp-json\/wp\/v2\/comments?post=25"}],"version-history":[{"count":5,"href":"https:\/\/nfg24.de\/w_press\/wp-json\/wp\/v2\/pages\/25\/revisions"}],"predecessor-version":[{"id":6076,"href":"https:\/\/nfg24.de\/w_press\/wp-json\/wp\/v2\/pages\/25\/revisions\/6076"}],"wp:featuredmedia":[{"embeddable":true,"href":"https:\/\/nfg24.de\/w_press\/wp-json\/wp\/v2\/media\/1083"}],"wp:attachment":[{"href":"https:\/\/nfg24.de\/w_press\/wp-json\/wp\/v2\/media?parent=25"}],"curies":[{"name":"wp","href":"https:\/\/api.w.org\/{rel}","templated":true}]}}