{"id":191,"date":"2017-05-05T18:22:59","date_gmt":"2017-05-05T16:22:59","guid":{"rendered":"http:\/\/nfg24.de\/w_press\/?page_id=191"},"modified":"2025-07-05T11:28:24","modified_gmt":"2025-07-05T09:28:24","slug":"schulsozialarbeit","status":"publish","type":"page","link":"https:\/\/nfg24.de\/w_press\/schulprofil\/schulsozialarbeit\/","title":{"rendered":"Schulsozialarbeit"},"content":{"rendered":"<h5 style=\"text-align: center;\"><em>Gef\u00f6rdert im Rahmen des Operationellen Programmes ESF Mecklenburg-Vorpommern 2014-2020 und mit Mitteln des Landkreises Mecklenburgische Seenplatte<\/em><\/h5>\n<p style=\"text-align: center;\"><img loading=\"lazy\" decoding=\"async\" class=\"alignnone wp-image-1156\" src=\"http:\/\/nfg24.de\/w_press\/wp-content\/uploads\/2017\/05\/flagge-europa-400x267.jpg\" alt=\"\" width=\"335\" height=\"223\" srcset=\"https:\/\/nfg24.de\/w_press\/wp-content\/uploads\/2017\/05\/flagge-europa-400x267.jpg 400w, https:\/\/nfg24.de\/w_press\/wp-content\/uploads\/2017\/05\/flagge-europa-768x512.jpg 768w, https:\/\/nfg24.de\/w_press\/wp-content\/uploads\/2017\/05\/flagge-europa-800x534.jpg 800w\" sizes=\"auto, (max-width: 335px) 100vw, 335px\" \/> \u00a0 \u00a0 \u00a0 \u00a0 \u00a0 <img loading=\"lazy\" decoding=\"async\" class=\"alignnone wp-image-1154\" src=\"http:\/\/nfg24.de\/w_press\/wp-content\/uploads\/2017\/05\/Logo_Landkreis-nehmen-299x300.jpg\" alt=\"\" width=\"221\" height=\"222\" srcset=\"https:\/\/nfg24.de\/w_press\/wp-content\/uploads\/2017\/05\/Logo_Landkreis-nehmen-299x300.jpg 299w, https:\/\/nfg24.de\/w_press\/wp-content\/uploads\/2017\/05\/Logo_Landkreis-nehmen-100x100.jpg 100w, https:\/\/nfg24.de\/w_press\/wp-content\/uploads\/2017\/05\/Logo_Landkreis-nehmen-768x770.jpg 768w, https:\/\/nfg24.de\/w_press\/wp-content\/uploads\/2017\/05\/Logo_Landkreis-nehmen-599x600.jpg 599w\" sizes=\"auto, (max-width: 221px) 100vw, 221px\" \/><\/p>\n<p style=\"text-align: center;\">\u00a0\u00a0 \u00a0 \u00a0\u00a0\u00a0<em>\u00a0 EUROP\u00c4ISCHE UNION\/Europ\u00e4ischer Sozialfond \u00a0\u00a0\u00a0 \u00a0\u00a0\u00a0 \u00a0 Landkreis Mecklenburgische Seenplatte<\/em><\/p>\n<hr \/>\n<table>\n<tbody>\n<tr>\n<td><strong>Schulsozialarbeiter:<\/strong><\/td>\n<td>Gerald Riebe<\/td>\n<\/tr>\n<tr>\n<td><strong>Raum:<\/strong><\/td>\n<td>2.20<\/td>\n<\/tr>\n<tr>\n<td><strong>Telefon:<\/strong><\/td>\n<td>039601 \/ 29 10<\/td>\n<\/tr>\n<tr>\n<td><strong>E-Mail:<\/strong><\/td>\n<td>g.riebe@awo-vielfalt.de<\/td>\n<\/tr>\n<\/tbody>\n<\/table>\n<h6>Arbeitsschwerpunkte:<\/h6>\n<ul>\n<li>Beratung von Sch\u00fclerinnen und Sch\u00fclern bei individuellen oder sozialen Problemlagen als einzelfallbezogene Hilfe, Vermittlung von weiterf\u00fchrenden Hilfen<\/li>\n<li>Beratung von Lehrerinnen und Lehrern sowie Eltern<\/li>\n<li>F\u00f6rderung sozialer Kompetenzen der Sch\u00fclerinnen und Sch\u00fcler<\/li>\n<li>sozialp\u00e4dagogische Gruppenarbeit<\/li>\n<li>Erarbeitung und Durchf\u00fchrung verschiedener Projekte z.B. Streitschlichterprojekt, Pr\u00e4ventionsprojekt &#8222;Cybermobbing&#8220;, Projekt &#8222;Sozialcourage&#8220;<\/li>\n<li>Orientierungs- und Beratungsangebote beim \u00dcbergang von der Schule ins Berufsleben<\/li>\n<li>Zusammenarbeit mit unterschiedlichen Kooperations- und Netzwerkpartnern<\/li>\n<\/ul>\n<h6>Tr\u00e4ger:<\/h6>\n<p>AWO Vielfalt Mecklenburgische Seenplatte gGmbH<\/p>\n","protected":false},"excerpt":{"rendered":"<p>Gef\u00f6rdert im Rahmen des Operationellen Programmes ESF Mecklenburg-Vorpommern 2014-2020 und mit Mitteln des Landkreises Mecklenburgische Seenplatte \u00a0 \u00a0 \u00a0 \u00a0 \u00a0 \u00a0\u00a0 \u00a0 \u00a0\u00a0\u00a0\u00a0 EUROP\u00c4ISCHE UNION\/Europ\u00e4ischer Sozialfond \u00a0\u00a0\u00a0 \u00a0\u00a0\u00a0 \u00a0 Landkreis Mecklenburgische Seenplatte Schulsozialarbeiter: Gerald &hellip; <a href=\"https:\/\/nfg24.de\/w_press\/schulprofil\/schulsozialarbeit\/\">Weiterlesen<\/a><\/p>\n","protected":false},"author":1,"featured_media":0,"parent":4,"menu_order":5,"comment_status":"closed","ping_status":"closed","template":"fullwidth.php","meta":{"footnotes":""},"class_list":["post-191","page","type-page","status-publish","hentry"],"_links":{"self":[{"href":"https:\/\/nfg24.de\/w_press\/wp-json\/wp\/v2\/pages\/191","targetHints":{"allow":["GET"]}}],"collection":[{"href":"https:\/\/nfg24.de\/w_press\/wp-json\/wp\/v2\/pages"}],"about":[{"href":"https:\/\/nfg24.de\/w_press\/wp-json\/wp\/v2\/types\/page"}],"author":[{"embeddable":true,"href":"https:\/\/nfg24.de\/w_press\/wp-json\/wp\/v2\/users\/1"}],"replies":[{"embeddable":true,"href":"https:\/\/nfg24.de\/w_press\/wp-json\/wp\/v2\/comments?post=191"}],"version-history":[{"count":19,"href":"https:\/\/nfg24.de\/w_press\/wp-json\/wp\/v2\/pages\/191\/revisions"}],"predecessor-version":[{"id":6898,"href":"https:\/\/nfg24.de\/w_press\/wp-json\/wp\/v2\/pages\/191\/revisions\/6898"}],"up":[{"embeddable":true,"href":"https:\/\/nfg24.de\/w_press\/wp-json\/wp\/v2\/pages\/4"}],"wp:attachment":[{"href":"https:\/\/nfg24.de\/w_press\/wp-json\/wp\/v2\/media?parent=191"}],"curies":[{"name":"wp","href":"https:\/\/api.w.org\/{rel}","templated":true}]}}

<h5 style="text-align: center;"><em>Gefördert im Rahmen des Operationellen Programmes ESF Mecklenburg-Vorpommern 2014-2020 und mit Mitteln des Landkreises Mecklenburgische Seenplatte</em></h5>
<p style="text-align: center;"><img loading="lazy" decoding="async" class="alignnone wp-image-1156" src="http://nfg24.de/w_press/wp-content/uploads/2017/05/flagge-europa-400x267.jpg" alt="" width="335" height="223" srcset="https://nfg24.de/w_press/wp-content/uploads/2017/05/flagge-europa-400x267.jpg 400w, https://nfg24.de/w_press/wp-content/uploads/2017/05/flagge-europa-768x512.jpg 768w, https://nfg24.de/w_press/wp-content/uploads/2017/05/flagge-europa-800x534.jpg 800w" sizes="auto, (max-width: 335px) 100vw, 335px" />           <img loading="lazy" decoding="async" class="alignnone wp-image-1154" src="http://nfg24.de/w_press/wp-content/uploads/2017/05/Logo_Landkreis-nehmen-299x300.jpg" alt="" width="221" height="222" srcset="https://nfg24.de/w_press/wp-content/uploads/2017/05/Logo_Landkreis-nehmen-299x300.jpg 299w, https://nfg24.de/w_press/wp-content/uploads/2017/05/Logo_Landkreis-nehmen-100x100.jpg 100w, https://nfg24.de/w_press/wp-content/uploads/2017/05/Logo_Landkreis-nehmen-768x770.jpg 768w, https://nfg24.de/w_press/wp-content/uploads/2017/05/Logo_Landkreis-nehmen-599x600.jpg 599w" sizes="auto, (max-width: 221px) 100vw, 221px" /></p>
<p style="text-align: center;">        <em>  EUROPÄISCHE UNION/Europäischer Sozialfond           Landkreis Mecklenburgische Seenplatte</em></p>
<hr />
<table>
<tbody>
<tr>
<td><strong>Schulsozialarbeiter:</strong></td>
<td>Gerald Riebe</td>
</tr>
<tr>
<td><strong>Raum:</strong></td>
<td>2.20</td>
</tr>
<tr>
<td><strong>Telefon:</strong></td>
<td>039601 / 29 10</td>
</tr>
<tr>
<td><strong>E-Mail:</strong></td>
<td>g.riebe@awo-vielfalt.de</td>
</tr>
</tbody>
</table>
<h6>Arbeitsschwerpunkte:</h6>
<ul>
<li>Beratung von Schülerinnen und Schülern bei individuellen oder sozialen Problemlagen als einzelfallbezogene Hilfe, Vermittlung von weiterführenden Hilfen</li>
<li>Beratung von Lehrerinnen und Lehrern sowie Eltern</li>
<li>Förderung sozialer Kompetenzen der Schülerinnen und Schüler</li>
<li>sozialpädagogische Gruppenarbeit</li>
<li>Erarbeitung und Durchführung verschiedener Projekte z.B. Streitschlichterprojekt, Präventionsprojekt &#8222;Cybermobbing&#8220;, Projekt &#8222;Sozialcourage&#8220;</li>
<li>Orientierungs- und Beratungsangebote beim Übergang von der Schule ins Berufsleben</li>
<li>Zusammenarbeit mit unterschiedlichen Kooperations- und Netzwerkpartnern</li>
</ul>
<h6>Träger:</h6>
<p>AWO Vielfalt Mecklenburgische Seenplatte gGmbH</p>

<p>Gefördert im Rahmen des Operationellen Programmes ESF Mecklenburg-Vorpommern 2014-2020 und mit Mitteln des Landkreises Mecklenburgische Seenplatte                     EUROPÄISCHE UNION/Europäischer Sozialfond           Landkreis Mecklenburgische Seenplatte Schulsozialarbeiter: Gerald &hellip; <a href="https://nfg24.de/w_press/schulprofil/schulsozialarbeit/">Weiterlesen</a></p>
