{"id":16,"date":"2016-10-20T00:46:53","date_gmt":"2016-10-19T22:46:53","guid":{"rendered":"http:\/\/nfg24.de\/w_press\/?page_id=16"},"modified":"2019-12-03T19:20:04","modified_gmt":"2019-12-03T18:20:04","slug":"exkursionen","status":"publish","type":"page","link":"https:\/\/nfg24.de\/w_press\/schulleben\/exkursionen\/","title":{"rendered":"Exkursionen"},"content":{"rendered":"<p><a name=\"anfang\"><\/a><\/p>\n<p style=\"text-align: justify;\">Studienfahrten und Exkursionen geh\u00f6ren zum Schulprogramm der neuen friedl\u00e4nder gesamtschule. Sie erm\u00f6glichen den Sch\u00fclerInnen verschiedener Jahrgangsstufen Erfahrungen in einem bewusst ausgew\u00e4hlten, f\u00fcr ihre Bildung bedeutsamen Kontext. Da wir im l\u00e4ndlichen Raum leben, stellen kulturelle Zentren einen sinnvollen Kontrast dar, so dass Berlin, M\u00fcnchen, Weimar, London, Paris oder Rom ad\u00e4quate Ziele darstellen. F\u00fcr alle teilnehmenden Sch\u00fclerInnen geht es um Teilhabe an unserer kulturellen Tradition, um die Einbindung in den gesellschaftlichen Kommunikationsprozess und seine Gestaltung. Zur Vor- und Nachbereitung der Studienfahrten gibt es in den Fachunterricht integrierte Aufgabenstellungen, die in der Sekundarstufe II auch als Klausurleistung in die Bewertung eingehen k\u00f6nnen.<br \/>\nSo entstehen auch Reisetageb\u00fccher, die eindrucksvoll von den Erlebnissen der Sch\u00fcler berichten.<\/p>\n<div id=\"attachment_1099\" style=\"width: 260px\" class=\"wp-caption alignleft\"><a href=\"http:\/\/nfg24.de\/w_press\/exkursionen\/ozeaneum-5\/\"><img loading=\"lazy\" decoding=\"async\" aria-describedby=\"caption-attachment-1099\" class=\"wp-image-1099 size-full\" src=\"http:\/\/nfg24.de\/w_press\/wp-content\/uploads\/2016\/10\/ozean-0.jpg\" alt=\"\" width=\"250\" height=\"250\" srcset=\"https:\/\/nfg24.de\/w_press\/wp-content\/uploads\/2016\/10\/ozean-0.jpg 250w, https:\/\/nfg24.de\/w_press\/wp-content\/uploads\/2016\/10\/ozean-0-100x100.jpg 100w\" sizes=\"auto, (max-width: 250px) 100vw, 250px\" \/><\/a><p id=\"caption-attachment-1099\" class=\"wp-caption-text\">Ozeaneum<br \/> Die 5. Klassen der nfg besuchen zum Thema \u201eAnpassung der S\u00e4ugetiere an ihren Lebensraum\u201c das Ozeaneum in Stralsund. Hier erhalten sie eine F\u00fchrung zu den beeindruckenden \u201eRiesen &#8230; <a href=\"http:\/\/nfg24.de\/w_press\/exkursionen\/ozeaneum-5\/\">weiterlesen<\/a><\/p><\/div>\n<div id=\"attachment_712\" style=\"width: 260px\" class=\"wp-caption alignleft\"><a href=\"http:\/\/nfg24.de\/w_press\/exkursionen\/pergamonmuseum\/\"><img loading=\"lazy\" decoding=\"async\" aria-describedby=\"caption-attachment-712\" class=\"wp-image-712 size-full\" src=\"http:\/\/nfg24.de\/w_press\/wp-content\/uploads\/2016\/10\/Pergamon5.jpg\" alt=\"\" width=\"250\" height=\"250\" srcset=\"https:\/\/nfg24.de\/w_press\/wp-content\/uploads\/2016\/10\/Pergamon5.jpg 250w, https:\/\/nfg24.de\/w_press\/wp-content\/uploads\/2016\/10\/Pergamon5-100x100.jpg 100w\" sizes=\"auto, (max-width: 250px) 100vw, 250px\" \/><\/a><p id=\"caption-attachment-712\" class=\"wp-caption-text\">Pergamonmuseum<br \/> Die Fachexkursion der Klassenstufe 6 geh\u00f6rt zum schulinternen Curriculum der neuen friedl\u00e4nder gesamtschule. Sie erm\u00f6glicht es den Sch\u00fclerInnen sich ein lebendiges Bild von der Antike zu machen. <a href=\"http:\/\/nfg24.de\/w_press\/?page_id=717&amp;preview=true\">weiterlesen<\/a><\/p><\/div>\n<div id=\"attachment_644\" style=\"width: 260px\" class=\"wp-caption alignleft\"><a href=\"http:\/\/nfg24.de\/w_press\/exkursionen\/ukranenland-torgelow\/\"><img loading=\"lazy\" decoding=\"async\" aria-describedby=\"caption-attachment-644\" class=\"wp-image-644 size-full\" src=\"http:\/\/nfg24.de\/w_press\/wp-content\/uploads\/2016\/10\/ukranen0.jpg\" alt=\"\" width=\"250\" height=\"250\" srcset=\"https:\/\/nfg24.de\/w_press\/wp-content\/uploads\/2016\/10\/ukranen0.jpg 250w, https:\/\/nfg24.de\/w_press\/wp-content\/uploads\/2016\/10\/ukranen0-100x100.jpg 100w\" sizes=\"auto, (max-width: 250px) 100vw, 250px\" \/><\/a><p id=\"caption-attachment-644\" class=\"wp-caption-text\">Ukranenland Torgelow<br \/> Wie lebten unsere Vorfahren? Wie schmeckte ihr Essen? Wie h\u00f6rte sich ihre Musik an? \u0096 Antworten auf diese und noch viele andere Fragen zum Leben der Slawen in unserer Region finden die Sch\u00fcler <a href=\"http:\/\/nfg24.de\/w_press\/exkursionen\/ukranenland-torgelow\/\">weiterlesen<\/a><\/p><\/div>\n<div id=\"attachment_852\" style=\"width: 260px\" class=\"wp-caption alignleft\"><a href=\"http:\/\/nfg24.de\/w_press\/exkursionen\/pommersches-landesmuseum\/\"><img loading=\"lazy\" decoding=\"async\" aria-describedby=\"caption-attachment-852\" class=\"wp-image-852 size-full\" src=\"http:\/\/nfg24.de\/w_press\/wp-content\/uploads\/2016\/10\/plm-0.jpg\" alt=\"\" width=\"250\" height=\"250\" srcset=\"https:\/\/nfg24.de\/w_press\/wp-content\/uploads\/2016\/10\/plm-0.jpg 250w, https:\/\/nfg24.de\/w_press\/wp-content\/uploads\/2016\/10\/plm-0-100x100.jpg 100w\" sizes=\"auto, (max-width: 250px) 100vw, 250px\" \/><\/a><p id=\"caption-attachment-852\" class=\"wp-caption-text\">Pommersches Landesmuseum<br \/> Der Besuch erweitert die Besch\u00e4ftigung mit der Kunst des 19. Jahrhunderts, die in der 10. Jahrgangsstufe Schwerpunkt des schulinternen Curriculums ist, um eine wichtige M\u00f6glichkeit: <a href=\"http:\/\/nfg24.de\/w_press\/exkursionen\/pommersches-landesmuseum\/\">weiterlesen<\/a><\/p><\/div>\n<div id=\"attachment_856\" style=\"width: 260px\" class=\"wp-caption alignleft\"><a href=\"http:\/\/nfg24.de\/w_press\/exkursionen\/fachexkursion-ravensbrueck\/\"><img loading=\"lazy\" decoding=\"async\" aria-describedby=\"caption-attachment-856\" class=\"wp-image-856 size-full\" src=\"http:\/\/nfg24.de\/w_press\/wp-content\/uploads\/2016\/10\/ravensb0.jpg\" alt=\"\" width=\"250\" height=\"250\" srcset=\"https:\/\/nfg24.de\/w_press\/wp-content\/uploads\/2016\/10\/ravensb0.jpg 250w, https:\/\/nfg24.de\/w_press\/wp-content\/uploads\/2016\/10\/ravensb0-100x100.jpg 100w\" sizes=\"auto, (max-width: 250px) 100vw, 250px\" \/><\/a><p id=\"caption-attachment-856\" class=\"wp-caption-text\">Ravensbr\u00fcck<br \/> Nach der Besch\u00e4ftigung mit der Unmenschlichkeit des Nationalsozialismus im Geschichtsunterricht besuchen die Sch\u00fclerInnen der 9. Klassen der Regionalen Schule bzw. der 10. Klassen des Gymnasiums die Gedenkst\u00e4tte <a href=\"http:\/\/nfg24.de\/w_press\/exkursionen\/fachexkursion-ravensbrueck\/\">weiterlesen<\/a><\/p><\/div>\n<div id=\"attachment_870\" style=\"width: 260px\" class=\"wp-caption alignleft\"><a href=\"http:\/\/nfg24.de\/w_press\/exkursionen\/phaenomenta\/\"><img loading=\"lazy\" decoding=\"async\" aria-describedby=\"caption-attachment-870\" class=\"wp-image-870 size-full\" src=\"http:\/\/nfg24.de\/w_press\/wp-content\/uploads\/2016\/10\/peene0.jpg\" alt=\"\" width=\"250\" height=\"250\" srcset=\"https:\/\/nfg24.de\/w_press\/wp-content\/uploads\/2016\/10\/peene0.jpg 250w, https:\/\/nfg24.de\/w_press\/wp-content\/uploads\/2016\/10\/peene0-100x100.jpg 100w\" sizes=\"auto, (max-width: 250px) 100vw, 250px\" \/><\/a><p id=\"caption-attachment-870\" class=\"wp-caption-text\">Ph\u00e4nomenta Peenem\u00fcnde<br \/> Der Besuch der Ph\u00e4nomenta in Peenem\u00fcnde geh\u00f6rt seit vielen Jahren zu den H\u00f6hepunkten des Physikunterrichts der 8. Klassen. Die umfangreiche interaktive Ausstellung erkl\u00e4rt wissenschaftliche und Alltagsph\u00e4nomene <a href=\"http:\/\/nfg24.de\/w_press\/exkursionen\/phaenomenta\/\">weiterlesen<\/a><\/p><\/div>\n<div id=\"attachment_1003\" style=\"width: 260px\" class=\"wp-caption alignleft\"><a href=\"http:\/\/nfg24.de\/w_press\/musikal\/\"><img loading=\"lazy\" decoding=\"async\" aria-describedby=\"caption-attachment-1003\" class=\"wp-image-1003 size-full\" src=\"http:\/\/nfg24.de\/w_press\/wp-content\/uploads\/2016\/10\/musical-0.jpg\" alt=\"\" width=\"250\" height=\"250\" srcset=\"https:\/\/nfg24.de\/w_press\/wp-content\/uploads\/2016\/10\/musical-0.jpg 250w, https:\/\/nfg24.de\/w_press\/wp-content\/uploads\/2016\/10\/musical-0-100x100.jpg 100w\" sizes=\"auto, (max-width: 250px) 100vw, 250px\" \/><\/a><p id=\"caption-attachment-1003\" class=\"wp-caption-text\">Musical<br \/>Jedes Jahr im Fr\u00fchling f\u00fchren interessierte Sch\u00fcler der Kurse Musik und Musikensemble der Sek. 2 eine Fachexkursion nach Berlin oder Hamburg durch. Auf dem Plan stehen ein Musicalbesuch und die anschlie\u00dfende Auseinandersetzung <a href=\"http:\/\/nfg24.de\/w_press\/musikal\/\">weiterlesen<\/a><\/p><\/div>\n<div id=\"attachment_1008\" style=\"width: 260px\" class=\"wp-caption alignleft\"><a href=\"http:\/\/nfg24.de\/w_press\/ozeaneum\/\"><img loading=\"lazy\" decoding=\"async\" aria-describedby=\"caption-attachment-1008\" class=\"wp-image-1008 size-full\" src=\"http:\/\/nfg24.de\/w_press\/wp-content\/uploads\/2017\/07\/ozeaneum-0.jpg\" alt=\"\" width=\"250\" height=\"250\" srcset=\"https:\/\/nfg24.de\/w_press\/wp-content\/uploads\/2017\/07\/ozeaneum-0.jpg 250w, https:\/\/nfg24.de\/w_press\/wp-content\/uploads\/2017\/07\/ozeaneum-0-100x100.jpg 100w\" sizes=\"auto, (max-width: 250px) 100vw, 250px\" \/><\/a><p id=\"caption-attachment-1008\" class=\"wp-caption-text\">Ozeaneum<br \/> \u00d6KOSYSTEM &#8222;Ostsee&#8220; &#8211; Erleben k\u00f6nnen das die Sch\u00fclerinnen und Sch\u00fcler der 9. Klassen im Ozeaneum in Stralsund. Die 3-st\u00fcndige Veranstaltung beinhaltete drei Teile: nach einer Einweisung keschern die Sch\u00fcler mit\u00a0 <a href=\"http:\/\/nfg24.de\/w_press\/ozeaneum\/\"> weiterlesen<\/a><\/p><\/div>\n","protected":false},"excerpt":{"rendered":"<p>Studienfahrten und Exkursionen geh\u00f6ren zum Schulprogramm der neuen friedl\u00e4nder gesamtschule. Sie erm\u00f6glichen den Sch\u00fclerInnen verschiedener Jahrgangsstufen Erfahrungen in einem bewusst ausgew\u00e4hlten, f\u00fcr ihre Bildung bedeutsamen Kontext. Da wir im l\u00e4ndlichen Raum leben, stellen kulturelle Zentren &hellip; <a href=\"https:\/\/nfg24.de\/w_press\/schulleben\/exkursionen\/\">Weiterlesen<\/a><\/p>\n","protected":false},"author":1,"featured_media":172,"parent":11,"menu_order":2,"comment_status":"closed","ping_status":"closed","template":"fullwidth.php","meta":{"footnotes":""},"class_list":["post-16","page","type-page","status-publish","has-post-thumbnail","hentry"],"_links":{"self":[{"href":"https:\/\/nfg24.de\/w_press\/wp-json\/wp\/v2\/pages\/16","targetHints":{"allow":["GET"]}}],"collection":[{"href":"https:\/\/nfg24.de\/w_press\/wp-json\/wp\/v2\/pages"}],"about":[{"href":"https:\/\/nfg24.de\/w_press\/wp-json\/wp\/v2\/types\/page"}],"author":[{"embeddable":true,"href":"https:\/\/nfg24.de\/w_press\/wp-json\/wp\/v2\/users\/1"}],"replies":[{"embeddable":true,"href":"https:\/\/nfg24.de\/w_press\/wp-json\/wp\/v2\/comments?post=16"}],"version-history":[{"count":66,"href":"https:\/\/nfg24.de\/w_press\/wp-json\/wp\/v2\/pages\/16\/revisions"}],"predecessor-version":[{"id":2949,"href":"https:\/\/nfg24.de\/w_press\/wp-json\/wp\/v2\/pages\/16\/revisions\/2949"}],"up":[{"embeddable":true,"href":"https:\/\/nfg24.de\/w_press\/wp-json\/wp\/v2\/pages\/11"}],"wp:featuredmedia":[{"embeddable":true,"href":"https:\/\/nfg24.de\/w_press\/wp-json\/wp\/v2\/media\/172"}],"wp:attachment":[{"href":"https:\/\/nfg24.de\/w_press\/wp-json\/wp\/v2\/media?parent=16"}],"curies":[{"name":"wp","href":"https:\/\/api.w.org\/{rel}","templated":true}]}}

<p><a name="anfang"></a></p>
<p style="text-align: justify;">Studienfahrten und Exkursionen gehören zum Schulprogramm der neuen friedländer gesamtschule. Sie ermöglichen den SchülerInnen verschiedener Jahrgangsstufen Erfahrungen in einem bewusst ausgewählten, für ihre Bildung bedeutsamen Kontext. Da wir im ländlichen Raum leben, stellen kulturelle Zentren einen sinnvollen Kontrast dar, so dass Berlin, München, Weimar, London, Paris oder Rom adäquate Ziele darstellen. Für alle teilnehmenden SchülerInnen geht es um Teilhabe an unserer kulturellen Tradition, um die Einbindung in den gesellschaftlichen Kommunikationsprozess und seine Gestaltung. Zur Vor- und Nachbereitung der Studienfahrten gibt es in den Fachunterricht integrierte Aufgabenstellungen, die in der Sekundarstufe II auch als Klausurleistung in die Bewertung eingehen können.<br />
So entstehen auch Reisetagebücher, die eindrucksvoll von den Erlebnissen der Schüler berichten.</p>
<div id="attachment_1099" style="width: 260px" class="wp-caption alignleft"><a href="http://nfg24.de/w_press/exkursionen/ozeaneum-5/"><img loading="lazy" decoding="async" aria-describedby="caption-attachment-1099" class="wp-image-1099 size-full" src="http://nfg24.de/w_press/wp-content/uploads/2016/10/ozean-0.jpg" alt="" width="250" height="250" srcset="https://nfg24.de/w_press/wp-content/uploads/2016/10/ozean-0.jpg 250w, https://nfg24.de/w_press/wp-content/uploads/2016/10/ozean-0-100x100.jpg 100w" sizes="auto, (max-width: 250px) 100vw, 250px" /></a><p id="caption-attachment-1099" class="wp-caption-text">Ozeaneum<br /> Die 5. Klassen der nfg besuchen zum Thema „Anpassung der Säugetiere an ihren Lebensraum“ das Ozeaneum in Stralsund. Hier erhalten sie eine Führung zu den beeindruckenden „Riesen &#8230; <a href="http://nfg24.de/w_press/exkursionen/ozeaneum-5/">weiterlesen</a></p></div>
<div id="attachment_712" style="width: 260px" class="wp-caption alignleft"><a href="http://nfg24.de/w_press/exkursionen/pergamonmuseum/"><img loading="lazy" decoding="async" aria-describedby="caption-attachment-712" class="wp-image-712 size-full" src="http://nfg24.de/w_press/wp-content/uploads/2016/10/Pergamon5.jpg" alt="" width="250" height="250" srcset="https://nfg24.de/w_press/wp-content/uploads/2016/10/Pergamon5.jpg 250w, https://nfg24.de/w_press/wp-content/uploads/2016/10/Pergamon5-100x100.jpg 100w" sizes="auto, (max-width: 250px) 100vw, 250px" /></a><p id="caption-attachment-712" class="wp-caption-text">Pergamonmuseum<br /> Die Fachexkursion der Klassenstufe 6 gehört zum schulinternen Curriculum der neuen friedländer gesamtschule. Sie ermöglicht es den SchülerInnen sich ein lebendiges Bild von der Antike zu machen. <a href="http://nfg24.de/w_press/?page_id=717&amp;preview=true">weiterlesen</a></p></div>
<div id="attachment_644" style="width: 260px" class="wp-caption alignleft"><a href="http://nfg24.de/w_press/exkursionen/ukranenland-torgelow/"><img loading="lazy" decoding="async" aria-describedby="caption-attachment-644" class="wp-image-644 size-full" src="http://nfg24.de/w_press/wp-content/uploads/2016/10/ukranen0.jpg" alt="" width="250" height="250" srcset="https://nfg24.de/w_press/wp-content/uploads/2016/10/ukranen0.jpg 250w, https://nfg24.de/w_press/wp-content/uploads/2016/10/ukranen0-100x100.jpg 100w" sizes="auto, (max-width: 250px) 100vw, 250px" /></a><p id="caption-attachment-644" class="wp-caption-text">Ukranenland Torgelow<br /> Wie lebten unsere Vorfahren? Wie schmeckte ihr Essen? Wie hörte sich ihre Musik an?  Antworten auf diese und noch viele andere Fragen zum Leben der Slawen in unserer Region finden die Schüler <a href="http://nfg24.de/w_press/exkursionen/ukranenland-torgelow/">weiterlesen</a></p></div>
<div id="attachment_852" style="width: 260px" class="wp-caption alignleft"><a href="http://nfg24.de/w_press/exkursionen/pommersches-landesmuseum/"><img loading="lazy" decoding="async" aria-describedby="caption-attachment-852" class="wp-image-852 size-full" src="http://nfg24.de/w_press/wp-content/uploads/2016/10/plm-0.jpg" alt="" width="250" height="250" srcset="https://nfg24.de/w_press/wp-content/uploads/2016/10/plm-0.jpg 250w, https://nfg24.de/w_press/wp-content/uploads/2016/10/plm-0-100x100.jpg 100w" sizes="auto, (max-width: 250px) 100vw, 250px" /></a><p id="caption-attachment-852" class="wp-caption-text">Pommersches Landesmuseum<br /> Der Besuch erweitert die Beschäftigung mit der Kunst des 19. Jahrhunderts, die in der 10. Jahrgangsstufe Schwerpunkt des schulinternen Curriculums ist, um eine wichtige Möglichkeit: <a href="http://nfg24.de/w_press/exkursionen/pommersches-landesmuseum/">weiterlesen</a></p></div>
<div id="attachment_856" style="width: 260px" class="wp-caption alignleft"><a href="http://nfg24.de/w_press/exkursionen/fachexkursion-ravensbrueck/"><img loading="lazy" decoding="async" aria-describedby="caption-attachment-856" class="wp-image-856 size-full" src="http://nfg24.de/w_press/wp-content/uploads/2016/10/ravensb0.jpg" alt="" width="250" height="250" srcset="https://nfg24.de/w_press/wp-content/uploads/2016/10/ravensb0.jpg 250w, https://nfg24.de/w_press/wp-content/uploads/2016/10/ravensb0-100x100.jpg 100w" sizes="auto, (max-width: 250px) 100vw, 250px" /></a><p id="caption-attachment-856" class="wp-caption-text">Ravensbrück<br /> Nach der Beschäftigung mit der Unmenschlichkeit des Nationalsozialismus im Geschichtsunterricht besuchen die SchülerInnen der 9. Klassen der Regionalen Schule bzw. der 10. Klassen des Gymnasiums die Gedenkstätte <a href="http://nfg24.de/w_press/exkursionen/fachexkursion-ravensbrueck/">weiterlesen</a></p></div>
<div id="attachment_870" style="width: 260px" class="wp-caption alignleft"><a href="http://nfg24.de/w_press/exkursionen/phaenomenta/"><img loading="lazy" decoding="async" aria-describedby="caption-attachment-870" class="wp-image-870 size-full" src="http://nfg24.de/w_press/wp-content/uploads/2016/10/peene0.jpg" alt="" width="250" height="250" srcset="https://nfg24.de/w_press/wp-content/uploads/2016/10/peene0.jpg 250w, https://nfg24.de/w_press/wp-content/uploads/2016/10/peene0-100x100.jpg 100w" sizes="auto, (max-width: 250px) 100vw, 250px" /></a><p id="caption-attachment-870" class="wp-caption-text">Phänomenta Peenemünde<br /> Der Besuch der Phänomenta in Peenemünde gehört seit vielen Jahren zu den Höhepunkten des Physikunterrichts der 8. Klassen. Die umfangreiche interaktive Ausstellung erklärt wissenschaftliche und Alltagsphänomene <a href="http://nfg24.de/w_press/exkursionen/phaenomenta/">weiterlesen</a></p></div>
<div id="attachment_1003" style="width: 260px" class="wp-caption alignleft"><a href="http://nfg24.de/w_press/musikal/"><img loading="lazy" decoding="async" aria-describedby="caption-attachment-1003" class="wp-image-1003 size-full" src="http://nfg24.de/w_press/wp-content/uploads/2016/10/musical-0.jpg" alt="" width="250" height="250" srcset="https://nfg24.de/w_press/wp-content/uploads/2016/10/musical-0.jpg 250w, https://nfg24.de/w_press/wp-content/uploads/2016/10/musical-0-100x100.jpg 100w" sizes="auto, (max-width: 250px) 100vw, 250px" /></a><p id="caption-attachment-1003" class="wp-caption-text">Musical<br />Jedes Jahr im Frühling führen interessierte Schüler der Kurse Musik und Musikensemble der Sek. 2 eine Fachexkursion nach Berlin oder Hamburg durch. Auf dem Plan stehen ein Musicalbesuch und die anschließende Auseinandersetzung <a href="http://nfg24.de/w_press/musikal/">weiterlesen</a></p></div>
<div id="attachment_1008" style="width: 260px" class="wp-caption alignleft"><a href="http://nfg24.de/w_press/ozeaneum/"><img loading="lazy" decoding="async" aria-describedby="caption-attachment-1008" class="wp-image-1008 size-full" src="http://nfg24.de/w_press/wp-content/uploads/2017/07/ozeaneum-0.jpg" alt="" width="250" height="250" srcset="https://nfg24.de/w_press/wp-content/uploads/2017/07/ozeaneum-0.jpg 250w, https://nfg24.de/w_press/wp-content/uploads/2017/07/ozeaneum-0-100x100.jpg 100w" sizes="auto, (max-width: 250px) 100vw, 250px" /></a><p id="caption-attachment-1008" class="wp-caption-text">Ozeaneum<br /> ÖKOSYSTEM &#8222;Ostsee&#8220; &#8211; Erleben können das die Schülerinnen und Schüler der 9. Klassen im Ozeaneum in Stralsund. Die 3-stündige Veranstaltung beinhaltete drei Teile: nach einer Einweisung keschern die Schüler mit  <a href="http://nfg24.de/w_press/ozeaneum/"> weiterlesen</a></p></div>

<p>Studienfahrten und Exkursionen gehören zum Schulprogramm der neuen friedländer gesamtschule. Sie ermöglichen den SchülerInnen verschiedener Jahrgangsstufen Erfahrungen in einem bewusst ausgewählten, für ihre Bildung bedeutsamen Kontext. Da wir im ländlichen Raum leben, stellen kulturelle Zentren &hellip; <a href="https://nfg24.de/w_press/schulleben/exkursionen/">Weiterlesen</a></p>
