{"id":1506,"date":"2018-02-15T12:01:11","date_gmt":"2018-02-15T11:01:11","guid":{"rendered":"http:\/\/nfg24.de\/w_press\/?page_id=1506"},"modified":"2019-12-26T21:04:38","modified_gmt":"2019-12-26T20:04:38","slug":"mathematikolympiade","status":"publish","type":"page","link":"https:\/\/nfg24.de\/w_press\/schulleben\/wettbewerbe\/mathematikolympiade\/","title":{"rendered":"Mathematikolympiade"},"content":{"rendered":"<p>Jedes Jahr im September findet in allen Schulen unseres Landkreises die Mathematik-Olympiade statt. Im Schuljahr 2019\/2020 haben sich 65 Sch\u00fclerinnen und Sch\u00fcler unserer Schule aus den Klassenstufen 5 bis 10 daran beteiligt. In einer mehrst\u00fcndigen Klausur mussten schwierige Aufgaben aus verschiedenen Gebieten der Mathematik gel\u00f6st werden. Aus jeder Klassenstufe wurden die besten Mathematiker mit Preisen und Urkunden geehrt.<\/p>\n<p>Aus unserer Schule konnten sich sechs Sch\u00fclerinnen und Sch\u00fcler f\u00fcr die Kreisolympiade am 13. November 2019 in Neustrelitz qualifizieren. Diesen hohen Anforderungen stellten sich aus der 5. Klasse Lotte Dambeck, aus der 6. Klasse Georg Baumgartner und Mathilda Leifels, die Klasse 7 wurde durch Elisa Thau vertreten, f\u00fcr die 9. Klasse startete Julian Zelfel und die Klasse 10 wurde durch Celine Borgwardt vertreten.<\/p>\n<p>Unsere Teilnehmer haben sich tapfer geschlagen. Zur Siegerehrung ins Carolinum in Neustrelitz wurden die 25 besten Mathe-Asse des Landkreises eingeladen. Wir freuen uns sehr, dass auch vier Sch\u00fclerinnen und Sch\u00fcler unserer Schule dabei waren:<\/p>\n<p>Georg Baumgartner erreichte den 1. Platz seiner Klassenstufe,<\/p>\n<p>Elisa Thau wurde mit einem 2. Platz ausgezeichnet,<\/p>\n<p>Julian Zelfel erreichte einen 3. Platz und<\/p>\n<p>Mathilda Leifels wurde mit einer Anerkennung geehrt.<\/p>\n<p>Herzlichen Gl\u00fcckwunsch den Preistr\u00e4gern und allen Teilnehmern!<\/p>\n<div id=\"metaslider-id-3042\" style=\"max-width: 800px; margin: 0 auto;\" class=\"ml-slider-3-108-0 metaslider metaslider-flex metaslider-3042 ml-slider has-dots-nav ms-theme-default\" role=\"region\" aria-label=\"MatheOlymp19\" data-height=\"600\" data-width=\"800\">\n    <div id=\"metaslider_container_3042\">\n        <div id=\"metaslider_3042\" class=\"flexslider\">\n            <ul class='slides'>\n                <li style=\"display: block; width: 100%;\" class=\"slide-3045 ms-image \" aria-roledescription=\"slide\" data-date=\"2019-12-26 20:56:09\" data-filename=\"DSCI0016.jpg\" data-slide-type=\"image\"><img loading=\"lazy\" decoding=\"async\" src=\"https:\/\/nfg24.de\/w_press\/wp-content\/uploads\/2019\/12\/DSCI0016.jpg\" height=\"600\" width=\"800\" alt=\"\" class=\"slider-3042 slide-3045 msDefaultImage\" \/><\/li>\n                <li style=\"display: none; width: 100%;\" class=\"slide-3046 ms-image \" aria-roledescription=\"slide\" data-date=\"2019-12-26 20:56:09\" data-filename=\"Matheolympiade-_-2019.jpg\" data-slide-type=\"image\"><img loading=\"lazy\" decoding=\"async\" src=\"https:\/\/nfg24.de\/w_press\/wp-content\/uploads\/2019\/12\/Matheolympiade-_-2019.jpg\" height=\"600\" width=\"800\" alt=\"\" class=\"slider-3042 slide-3046 msDefaultImage\" \/><\/li>\n            <\/ul>\n        <\/div>\n        \n    <\/div>\n<\/div>\n","protected":false},"excerpt":{"rendered":"<p>Jedes Jahr im September findet in allen Schulen unseres Landkreises die Mathematik-Olympiade statt. Im Schuljahr 2019\/2020 haben sich 65 Sch\u00fclerinnen und Sch\u00fcler unserer Schule aus den Klassenstufen 5 bis 10 daran beteiligt. In einer mehrst\u00fcndigen &hellip; <a href=\"https:\/\/nfg24.de\/w_press\/schulleben\/wettbewerbe\/mathematikolympiade\/\">Weiterlesen<\/a><\/p>\n","protected":false},"author":1,"featured_media":0,"parent":18,"menu_order":0,"comment_status":"closed","ping_status":"closed","template":"fullwidth.php","meta":{"footnotes":""},"class_list":["post-1506","page","type-page","status-publish","hentry"],"_links":{"self":[{"href":"https:\/\/nfg24.de\/w_press\/wp-json\/wp\/v2\/pages\/1506","targetHints":{"allow":["GET"]}}],"collection":[{"href":"https:\/\/nfg24.de\/w_press\/wp-json\/wp\/v2\/pages"}],"about":[{"href":"https:\/\/nfg24.de\/w_press\/wp-json\/wp\/v2\/types\/page"}],"author":[{"embeddable":true,"href":"https:\/\/nfg24.de\/w_press\/wp-json\/wp\/v2\/users\/1"}],"replies":[{"embeddable":true,"href":"https:\/\/nfg24.de\/w_press\/wp-json\/wp\/v2\/comments?post=1506"}],"version-history":[{"count":6,"href":"https:\/\/nfg24.de\/w_press\/wp-json\/wp\/v2\/pages\/1506\/revisions"}],"predecessor-version":[{"id":3049,"href":"https:\/\/nfg24.de\/w_press\/wp-json\/wp\/v2\/pages\/1506\/revisions\/3049"}],"up":[{"embeddable":true,"href":"https:\/\/nfg24.de\/w_press\/wp-json\/wp\/v2\/pages\/18"}],"wp:attachment":[{"href":"https:\/\/nfg24.de\/w_press\/wp-json\/wp\/v2\/media?parent=1506"}],"curies":[{"name":"wp","href":"https:\/\/api.w.org\/{rel}","templated":true}]}}

<p>Jedes Jahr im September findet in allen Schulen unseres Landkreises die Mathematik-Olympiade statt. Im Schuljahr 2019/2020 haben sich 65 Schülerinnen und Schüler unserer Schule aus den Klassenstufen 5 bis 10 daran beteiligt. In einer mehrstündigen Klausur mussten schwierige Aufgaben aus verschiedenen Gebieten der Mathematik gelöst werden. Aus jeder Klassenstufe wurden die besten Mathematiker mit Preisen und Urkunden geehrt.</p>
<p>Aus unserer Schule konnten sich sechs Schülerinnen und Schüler für die Kreisolympiade am 13. November 2019 in Neustrelitz qualifizieren. Diesen hohen Anforderungen stellten sich aus der 5. Klasse Lotte Dambeck, aus der 6. Klasse Georg Baumgartner und Mathilda Leifels, die Klasse 7 wurde durch Elisa Thau vertreten, für die 9. Klasse startete Julian Zelfel und die Klasse 10 wurde durch Celine Borgwardt vertreten.</p>
<p>Unsere Teilnehmer haben sich tapfer geschlagen. Zur Siegerehrung ins Carolinum in Neustrelitz wurden die 25 besten Mathe-Asse des Landkreises eingeladen. Wir freuen uns sehr, dass auch vier Schülerinnen und Schüler unserer Schule dabei waren:</p>
<p>Georg Baumgartner erreichte den 1. Platz seiner Klassenstufe,</p>
<p>Elisa Thau wurde mit einem 2. Platz ausgezeichnet,</p>
<p>Julian Zelfel erreichte einen 3. Platz und</p>
<p>Mathilda Leifels wurde mit einer Anerkennung geehrt.</p>
<p>Herzlichen Glückwunsch den Preisträgern und allen Teilnehmern!</p>
<div id="metaslider-id-3042" style="max-width: 800px; margin: 0 auto;" class="ml-slider-3-108-0 metaslider metaslider-flex metaslider-3042 ml-slider has-dots-nav ms-theme-default" role="region" aria-label="MatheOlymp19" data-height="600" data-width="800">
    <div id="metaslider_container_3042">
        <div id="metaslider_3042" class="flexslider">
            <ul class='slides'>
                <li style="display: block; width: 100%;" class="slide-3045 ms-image " aria-roledescription="slide" data-date="2019-12-26 20:56:09" data-filename="DSCI0016.jpg" data-slide-type="image"><img loading="lazy" decoding="async" src="https://nfg24.de/w_press/wp-content/uploads/2019/12/DSCI0016.jpg" height="600" width="800" alt="" class="slider-3042 slide-3045 msDefaultImage" /></li>
                <li style="display: none; width: 100%;" class="slide-3046 ms-image " aria-roledescription="slide" data-date="2019-12-26 20:56:09" data-filename="Matheolympiade-_-2019.jpg" data-slide-type="image"><img loading="lazy" decoding="async" src="https://nfg24.de/w_press/wp-content/uploads/2019/12/Matheolympiade-_-2019.jpg" height="600" width="800" alt="" class="slider-3042 slide-3046 msDefaultImage" /></li>
            </ul>
        </div>
        
    </div>
</div>

<p>Jedes Jahr im September findet in allen Schulen unseres Landkreises die Mathematik-Olympiade statt. Im Schuljahr 2019/2020 haben sich 65 Schülerinnen und Schüler unserer Schule aus den Klassenstufen 5 bis 10 daran beteiligt. In einer mehrstündigen &hellip; <a href="https://nfg24.de/w_press/schulleben/wettbewerbe/mathematikolympiade/">Weiterlesen</a></p>
