{"id":14,"date":"2016-10-20T00:46:04","date_gmt":"2016-10-19T22:46:04","guid":{"rendered":"http:\/\/nfg24.de\/w_press\/?page_id=14"},"modified":"2019-09-26T09:56:27","modified_gmt":"2019-09-26T07:56:27","slug":"projekte","status":"publish","type":"page","link":"https:\/\/nfg24.de\/w_press\/schulleben\/projekte\/","title":{"rendered":"Projekte"},"content":{"rendered":"<p style=\"text-align: justify;\">Projektorientierte und f\u00e4cher\u00fcbergreifende Unterrichtsformen spielen an der neuen friedl\u00e4nder gesamtschule eine gro\u00dfe Rolle. Durch projektorientiertes Arbeiten lernen die Sch\u00fcler die Ph\u00e4nomene und Probleme unserer Welt tiefgr\u00fcndiger kennen. Sie erhalten so die Chance F\u00e4higkeiten und Kenntnisse zur L\u00f6sung komplexer Aufgaben anzuwenden. Gleichzeitig festigen sie f\u00fcr die Zukunft wichtige Kompetenzen, insbesondere im Bereich der Teamarbeit.<br \/>\nBesondere H\u00f6hepunkte im Schuljahr sind die Projekte zu den Themen Griechenland (Klasse 6), Mittelalter (Klasse 7), Barock (Klasse 8) und Wasser (Klasse 9). \u00dcber die Durchf\u00fchrung und ausgew\u00e4hlte Ergebnisse wird im laufenden Schuljahr auf dieser Seite berichtet werden.<\/p>\n<div id=\"attachment_396\" style=\"width: 260px\" class=\"wp-caption alignleft\"><a href=\"http:\/\/nfg24.de\/w_press\/griechenland\/\"><img loading=\"lazy\" decoding=\"async\" aria-describedby=\"caption-attachment-396\" class=\"wp-image-396\" src=\"http:\/\/nfg24.de\/w_press\/wp-content\/uploads\/2016\/10\/ankershagen17-0-2-300x300.jpg\" alt=\"\" width=\"250\" height=\"250\" srcset=\"https:\/\/nfg24.de\/w_press\/wp-content\/uploads\/2016\/10\/ankershagen17-0-2-300x300.jpg 300w, https:\/\/nfg24.de\/w_press\/wp-content\/uploads\/2016\/10\/ankershagen17-0-2-100x100.jpg 100w, https:\/\/nfg24.de\/w_press\/wp-content\/uploads\/2016\/10\/ankershagen17-0-2.jpg 600w\" sizes=\"auto, (max-width: 250px) 100vw, 250px\" \/><\/a><p id=\"caption-attachment-396\" class=\"wp-caption-text\">Griechenland<br \/> \u201eAnkershagen. Wo liegt denn dieser Ort?\u201c, fragten sich viele Sch\u00fcler der Klassenstufe 6 am 25. und 26. April 2017. Hier wurde zum ersten Mal das traditionelle Griechenlandprojekt durchgef\u00fchrt. Nach einem Rundgang durch das Heinrich Schliemann \u2212 Museum\u00a0 <a href=\"http:\/\/nfg24.de\/w_press\/griechenland\/\">weiterlesen<\/a><\/p><\/div>\n<div id=\"attachment_405\" style=\"width: 260px\" class=\"wp-caption alignleft\"><a href=\"http:\/\/nfg24.de\/w_press\/mittelalter\/\"><img loading=\"lazy\" decoding=\"async\" aria-describedby=\"caption-attachment-405\" class=\"wp-image-405\" src=\"http:\/\/nfg24.de\/w_press\/wp-content\/uploads\/2016\/10\/Harzreise-1-300x300.jpg\" alt=\"\" width=\"250\" height=\"250\" srcset=\"https:\/\/nfg24.de\/w_press\/wp-content\/uploads\/2016\/10\/Harzreise-1-300x300.jpg 300w, https:\/\/nfg24.de\/w_press\/wp-content\/uploads\/2016\/10\/Harzreise-1-100x100.jpg 100w, https:\/\/nfg24.de\/w_press\/wp-content\/uploads\/2016\/10\/Harzreise-1-768x768.jpg 768w, https:\/\/nfg24.de\/w_press\/wp-content\/uploads\/2016\/10\/Harzreise-1-600x600.jpg 600w, https:\/\/nfg24.de\/w_press\/wp-content\/uploads\/2016\/10\/Harzreise-1-800x800.jpg 800w, https:\/\/nfg24.de\/w_press\/wp-content\/uploads\/2016\/10\/Harzreise-1.jpg 1000w\" sizes=\"auto, (max-width: 250px) 100vw, 250px\" \/><\/a><p id=\"caption-attachment-405\" class=\"wp-caption-text\">Harzreisen \u2013 Zeitreisen<br \/> \u201eNur wo du zu Fu\u00df warst, bist du auch wirklich gewesen\u201c, wusste schon Johann Wolfgang von Goethe. Und so erlaufen wir uns Jahr f\u00fcr Jahr mit den 7. Klassen unserer Schule nicht nur den sch\u00f6nen Harz, sondern damit auch die Zeit des Mittelalters. <a href=\"http:\/\/nfg24.de\/w_press\/mittelalter\/\">weiterlesen<\/a><\/p><\/div>\n<div id=\"attachment_428\" style=\"width: 260px\" class=\"wp-caption alignleft\"><a href=\"http:\/\/nfg24.de\/w_press\/barock\/\"><img loading=\"lazy\" decoding=\"async\" aria-describedby=\"caption-attachment-428\" class=\"wp-image-428\" src=\"http:\/\/nfg24.de\/w_press\/wp-content\/uploads\/2016\/10\/barock-0-300x300.jpg\" alt=\"\" width=\"250\" height=\"250\" srcset=\"https:\/\/nfg24.de\/w_press\/wp-content\/uploads\/2016\/10\/barock-0-300x300.jpg 300w, https:\/\/nfg24.de\/w_press\/wp-content\/uploads\/2016\/10\/barock-0-100x100.jpg 100w, https:\/\/nfg24.de\/w_press\/wp-content\/uploads\/2016\/10\/barock-0-768x768.jpg 768w, https:\/\/nfg24.de\/w_press\/wp-content\/uploads\/2016\/10\/barock-0-600x600.jpg 600w, https:\/\/nfg24.de\/w_press\/wp-content\/uploads\/2016\/10\/barock-0.jpg 800w\" sizes=\"auto, (max-width: 250px) 100vw, 250px\" \/><\/a><p id=\"caption-attachment-428\" class=\"wp-caption-text\">Barock<br \/> Jedes Jahr im Fr\u00fchjahr verwandelt sich das Atrium der nfg in einen f\u00fcrstlich prunkvollen Festsaal, wenn die Sch\u00fcler der 8. Jahrgangsstufe des Gymnasiums und der Regionalschule zusammen das traditionelle Barockfest realisieren. Diese werden bei dem <a href=\"http:\/\/nfg24.de\/w_press\/projekte\/barock\/\">weiterlesen<\/a><\/p><\/div>\n<div id=\"attachment_1033\" style=\"width: 260px\" class=\"wp-caption alignleft\"><a href=\"http:\/\/nfg24.de\/w_press\/projekte\/methodentage-10\/\"><img loading=\"lazy\" decoding=\"async\" aria-describedby=\"caption-attachment-1033\" class=\"wp-image-1033 size-full\" src=\"http:\/\/nfg24.de\/w_press\/wp-content\/uploads\/2016\/10\/offler-0.jpg\" alt=\"\" width=\"250\" height=\"250\" srcset=\"https:\/\/nfg24.de\/w_press\/wp-content\/uploads\/2016\/10\/offler-0.jpg 250w, https:\/\/nfg24.de\/w_press\/wp-content\/uploads\/2016\/10\/offler-0-100x100.jpg 100w\" sizes=\"auto, (max-width: 250px) 100vw, 250px\" \/><\/a><p id=\"caption-attachment-1033\" class=\"wp-caption-text\">&#8222;Offler aus Offelkart&#8220;<br \/> Au\u00dferirdische? Kartoffeln? Was nun? Stellt euch vor, friedliche Au\u00dferirdische auf der Suche nach einer neuen Heimat fragen euch um Rat, weil sie den Ausdruck ihres Bordcomputers nicht verstehen. Da ist eine \u00dcbersetzung aus dem \u201eFachchinesisch\u201c in <a href=\"http:\/\/nfg24.de\/w_press\/projekte\/methodentage-10\/\">weiterlesen<\/a><\/p><\/div>\n","protected":false},"excerpt":{"rendered":"<p>Projektorientierte und f\u00e4cher\u00fcbergreifende Unterrichtsformen spielen an der neuen friedl\u00e4nder gesamtschule eine gro\u00dfe Rolle. Durch projektorientiertes Arbeiten lernen die Sch\u00fcler die Ph\u00e4nomene und Probleme unserer Welt tiefgr\u00fcndiger kennen. Sie erhalten so die Chance F\u00e4higkeiten und Kenntnisse &hellip; <a href=\"https:\/\/nfg24.de\/w_press\/schulleben\/projekte\/\">Weiterlesen<\/a><\/p>\n","protected":false},"author":1,"featured_media":1086,"parent":11,"menu_order":1,"comment_status":"closed","ping_status":"closed","template":"fullwidth.php","meta":{"footnotes":""},"class_list":["post-14","page","type-page","status-publish","has-post-thumbnail","hentry"],"_links":{"self":[{"href":"https:\/\/nfg24.de\/w_press\/wp-json\/wp\/v2\/pages\/14","targetHints":{"allow":["GET"]}}],"collection":[{"href":"https:\/\/nfg24.de\/w_press\/wp-json\/wp\/v2\/pages"}],"about":[{"href":"https:\/\/nfg24.de\/w_press\/wp-json\/wp\/v2\/types\/page"}],"author":[{"embeddable":true,"href":"https:\/\/nfg24.de\/w_press\/wp-json\/wp\/v2\/users\/1"}],"replies":[{"embeddable":true,"href":"https:\/\/nfg24.de\/w_press\/wp-json\/wp\/v2\/comments?post=14"}],"version-history":[{"count":68,"href":"https:\/\/nfg24.de\/w_press\/wp-json\/wp\/v2\/pages\/14\/revisions"}],"predecessor-version":[{"id":2764,"href":"https:\/\/nfg24.de\/w_press\/wp-json\/wp\/v2\/pages\/14\/revisions\/2764"}],"up":[{"embeddable":true,"href":"https:\/\/nfg24.de\/w_press\/wp-json\/wp\/v2\/pages\/11"}],"wp:featuredmedia":[{"embeddable":true,"href":"https:\/\/nfg24.de\/w_press\/wp-json\/wp\/v2\/media\/1086"}],"wp:attachment":[{"href":"https:\/\/nfg24.de\/w_press\/wp-json\/wp\/v2\/media?parent=14"}],"curies":[{"name":"wp","href":"https:\/\/api.w.org\/{rel}","templated":true}]}}

<p style="text-align: justify;">Projektorientierte und fächerübergreifende Unterrichtsformen spielen an der neuen friedländer gesamtschule eine große Rolle. Durch projektorientiertes Arbeiten lernen die Schüler die Phänomene und Probleme unserer Welt tiefgründiger kennen. Sie erhalten so die Chance Fähigkeiten und Kenntnisse zur Lösung komplexer Aufgaben anzuwenden. Gleichzeitig festigen sie für die Zukunft wichtige Kompetenzen, insbesondere im Bereich der Teamarbeit.<br />
Besondere Höhepunkte im Schuljahr sind die Projekte zu den Themen Griechenland (Klasse 6), Mittelalter (Klasse 7), Barock (Klasse 8) und Wasser (Klasse 9). Über die Durchführung und ausgewählte Ergebnisse wird im laufenden Schuljahr auf dieser Seite berichtet werden.</p>
<div id="attachment_396" style="width: 260px" class="wp-caption alignleft"><a href="http://nfg24.de/w_press/griechenland/"><img loading="lazy" decoding="async" aria-describedby="caption-attachment-396" class="wp-image-396" src="http://nfg24.de/w_press/wp-content/uploads/2016/10/ankershagen17-0-2-300x300.jpg" alt="" width="250" height="250" srcset="https://nfg24.de/w_press/wp-content/uploads/2016/10/ankershagen17-0-2-300x300.jpg 300w, https://nfg24.de/w_press/wp-content/uploads/2016/10/ankershagen17-0-2-100x100.jpg 100w, https://nfg24.de/w_press/wp-content/uploads/2016/10/ankershagen17-0-2.jpg 600w" sizes="auto, (max-width: 250px) 100vw, 250px" /></a><p id="caption-attachment-396" class="wp-caption-text">Griechenland<br /> „Ankershagen. Wo liegt denn dieser Ort?“, fragten sich viele Schüler der Klassenstufe 6 am 25. und 26. April 2017. Hier wurde zum ersten Mal das traditionelle Griechenlandprojekt durchgeführt. Nach einem Rundgang durch das Heinrich Schliemann − Museum  <a href="http://nfg24.de/w_press/griechenland/">weiterlesen</a></p></div>
<div id="attachment_405" style="width: 260px" class="wp-caption alignleft"><a href="http://nfg24.de/w_press/mittelalter/"><img loading="lazy" decoding="async" aria-describedby="caption-attachment-405" class="wp-image-405" src="http://nfg24.de/w_press/wp-content/uploads/2016/10/Harzreise-1-300x300.jpg" alt="" width="250" height="250" srcset="https://nfg24.de/w_press/wp-content/uploads/2016/10/Harzreise-1-300x300.jpg 300w, https://nfg24.de/w_press/wp-content/uploads/2016/10/Harzreise-1-100x100.jpg 100w, https://nfg24.de/w_press/wp-content/uploads/2016/10/Harzreise-1-768x768.jpg 768w, https://nfg24.de/w_press/wp-content/uploads/2016/10/Harzreise-1-600x600.jpg 600w, https://nfg24.de/w_press/wp-content/uploads/2016/10/Harzreise-1-800x800.jpg 800w, https://nfg24.de/w_press/wp-content/uploads/2016/10/Harzreise-1.jpg 1000w" sizes="auto, (max-width: 250px) 100vw, 250px" /></a><p id="caption-attachment-405" class="wp-caption-text">Harzreisen – Zeitreisen<br /> „Nur wo du zu Fuß warst, bist du auch wirklich gewesen“, wusste schon Johann Wolfgang von Goethe. Und so erlaufen wir uns Jahr für Jahr mit den 7. Klassen unserer Schule nicht nur den schönen Harz, sondern damit auch die Zeit des Mittelalters. <a href="http://nfg24.de/w_press/mittelalter/">weiterlesen</a></p></div>
<div id="attachment_428" style="width: 260px" class="wp-caption alignleft"><a href="http://nfg24.de/w_press/barock/"><img loading="lazy" decoding="async" aria-describedby="caption-attachment-428" class="wp-image-428" src="http://nfg24.de/w_press/wp-content/uploads/2016/10/barock-0-300x300.jpg" alt="" width="250" height="250" srcset="https://nfg24.de/w_press/wp-content/uploads/2016/10/barock-0-300x300.jpg 300w, https://nfg24.de/w_press/wp-content/uploads/2016/10/barock-0-100x100.jpg 100w, https://nfg24.de/w_press/wp-content/uploads/2016/10/barock-0-768x768.jpg 768w, https://nfg24.de/w_press/wp-content/uploads/2016/10/barock-0-600x600.jpg 600w, https://nfg24.de/w_press/wp-content/uploads/2016/10/barock-0.jpg 800w" sizes="auto, (max-width: 250px) 100vw, 250px" /></a><p id="caption-attachment-428" class="wp-caption-text">Barock<br /> Jedes Jahr im Frühjahr verwandelt sich das Atrium der nfg in einen fürstlich prunkvollen Festsaal, wenn die Schüler der 8. Jahrgangsstufe des Gymnasiums und der Regionalschule zusammen das traditionelle Barockfest realisieren. Diese werden bei dem <a href="http://nfg24.de/w_press/projekte/barock/">weiterlesen</a></p></div>
<div id="attachment_1033" style="width: 260px" class="wp-caption alignleft"><a href="http://nfg24.de/w_press/projekte/methodentage-10/"><img loading="lazy" decoding="async" aria-describedby="caption-attachment-1033" class="wp-image-1033 size-full" src="http://nfg24.de/w_press/wp-content/uploads/2016/10/offler-0.jpg" alt="" width="250" height="250" srcset="https://nfg24.de/w_press/wp-content/uploads/2016/10/offler-0.jpg 250w, https://nfg24.de/w_press/wp-content/uploads/2016/10/offler-0-100x100.jpg 100w" sizes="auto, (max-width: 250px) 100vw, 250px" /></a><p id="caption-attachment-1033" class="wp-caption-text">&#8222;Offler aus Offelkart&#8220;<br /> Außerirdische? Kartoffeln? Was nun? Stellt euch vor, friedliche Außerirdische auf der Suche nach einer neuen Heimat fragen euch um Rat, weil sie den Ausdruck ihres Bordcomputers nicht verstehen. Da ist eine Übersetzung aus dem „Fachchinesisch“ in <a href="http://nfg24.de/w_press/projekte/methodentage-10/">weiterlesen</a></p></div>

<p>Projektorientierte und fächerübergreifende Unterrichtsformen spielen an der neuen friedländer gesamtschule eine große Rolle. Durch projektorientiertes Arbeiten lernen die Schüler die Phänomene und Probleme unserer Welt tiefgründiger kennen. Sie erhalten so die Chance Fähigkeiten und Kenntnisse &hellip; <a href="https://nfg24.de/w_press/schulleben/projekte/">Weiterlesen</a></p>
