{"id":1007,"date":"2017-07-03T08:37:05","date_gmt":"2017-07-03T06:37:05","guid":{"rendered":"http:\/\/nfg24.de\/w_press\/?page_id=1007"},"modified":"2017-10-14T19:10:23","modified_gmt":"2017-10-14T17:10:23","slug":"ozeaneum","status":"publish","type":"page","link":"https:\/\/nfg24.de\/w_press\/schulleben\/exkursionen\/ozeaneum\/","title":{"rendered":"Ozeaneum"},"content":{"rendered":"<p style=\"text-align: justify;\">\u00d6KOSYSTEM &#8222;Ostsee&#8220; &#8211; Erleben k\u00f6nnen das die Sch\u00fclerinnen und Sch\u00fcler der 9. Klassen im Ozeaneum in Stralsund. Die 3-st\u00fcndige Veranstaltung beinhaltete drei Teile: nach einer Einweisung keschern die Sch\u00fcler mit verschiedenen Fangger\u00e4ten an der Sundpromenade. Anschlie\u00dfend werden die eigenen F\u00e4nge im Seminarraum untersucht, die gefundenen Arten bestimmt und eine Artenliste vom Ufer des Strelasundes erstellt. Nach diesem praktischen Teil erkunden die Sch\u00fcler das Museum sowie die Aquarien unter dem gro\u00dfen Thema Biodiversit\u00e4t mit einem Rallyebogen. Am Ende bleibt noch etwas Zeit, um den Pinguinen auf der Dachterrasse einen Besuch abzustatten oder sich die Walmodelle in der Ausstellung auf eigene Faust anzuschauen.<\/p>\n<div id=\"metaslider-id-1011\" style=\"max-width: 800px; margin: 0 auto;\" class=\"ml-slider-3-108-0 metaslider metaslider-flex metaslider-1011 ml-slider has-dots-nav ms-theme-default\" role=\"region\" aria-label=\"Ozeaneum9\" data-height=\"600\" data-width=\"800\">\n    <div id=\"metaslider_container_1011\">\n        <div id=\"metaslider_1011\" class=\"flexslider\">\n            <ul class='slides'>\n                <li style=\"display: block; width: 100%;\" class=\"slide-1017 ms-image \" aria-roledescription=\"slide\" data-date=\"2017-07-03 08:43:13\" data-filename=\"Ozeaneum1.jpg\" data-slide-type=\"image\"><img loading=\"lazy\" decoding=\"async\" src=\"https:\/\/nfg24.de\/w_press\/wp-content\/uploads\/2017\/07\/Ozeaneum1.jpg\" height=\"600\" width=\"800\" alt=\"\" class=\"slider-1011 slide-1017 msDefaultImage\" \/><\/li>\n                <li style=\"display: none; width: 100%;\" class=\"slide-1018 ms-image \" aria-roledescription=\"slide\" data-date=\"2017-07-03 08:43:13\" data-filename=\"Ozeaneum2.jpg\" data-slide-type=\"image\"><img loading=\"lazy\" decoding=\"async\" src=\"https:\/\/nfg24.de\/w_press\/wp-content\/uploads\/2017\/07\/Ozeaneum2.jpg\" height=\"600\" width=\"800\" alt=\"\" class=\"slider-1011 slide-1018 msDefaultImage\" \/><\/li>\n                <li style=\"display: none; width: 100%;\" class=\"slide-1019 ms-image \" aria-roledescription=\"slide\" data-date=\"2017-07-03 08:43:13\" data-filename=\"Ozeaneum3.jpg\" data-slide-type=\"image\"><img loading=\"lazy\" decoding=\"async\" src=\"https:\/\/nfg24.de\/w_press\/wp-content\/uploads\/2017\/07\/Ozeaneum3.jpg\" height=\"600\" width=\"800\" alt=\"\" class=\"slider-1011 slide-1019 msDefaultImage\" \/><\/li>\n                <li style=\"display: none; width: 100%;\" class=\"slide-1020 ms-image \" aria-roledescription=\"slide\" data-date=\"2017-07-03 08:43:13\" data-filename=\"Ozeaneum4.jpg\" data-slide-type=\"image\"><img loading=\"lazy\" decoding=\"async\" src=\"https:\/\/nfg24.de\/w_press\/wp-content\/uploads\/2017\/07\/Ozeaneum4.jpg\" height=\"600\" width=\"800\" alt=\"\" class=\"slider-1011 slide-1020 msDefaultImage\" \/><\/li>\n                <li style=\"display: none; width: 100%;\" class=\"slide-1021 ms-image \" aria-roledescription=\"slide\" data-date=\"2017-07-03 08:43:13\" data-filename=\"Ozeaneum5.jpg\" data-slide-type=\"image\"><img loading=\"lazy\" decoding=\"async\" src=\"https:\/\/nfg24.de\/w_press\/wp-content\/uploads\/2017\/07\/Ozeaneum5.jpg\" height=\"600\" width=\"800\" alt=\"\" class=\"slider-1011 slide-1021 msDefaultImage\" \/><\/li>\n            <\/ul>\n        <\/div>\n        \n    <\/div>\n<\/div>\n<p>&nbsp;<\/p>\n","protected":false},"excerpt":{"rendered":"<p>\u00d6KOSYSTEM &#8222;Ostsee&#8220; &#8211; Erleben k\u00f6nnen das die Sch\u00fclerinnen und Sch\u00fcler der 9. Klassen im Ozeaneum in Stralsund. Die 3-st\u00fcndige Veranstaltung beinhaltete drei Teile: nach einer Einweisung keschern die Sch\u00fcler mit verschiedenen Fangger\u00e4ten an der Sundpromenade. &hellip; <a href=\"https:\/\/nfg24.de\/w_press\/schulleben\/exkursionen\/ozeaneum\/\">Weiterlesen<\/a><\/p>\n","protected":false},"author":1,"featured_media":0,"parent":16,"menu_order":0,"comment_status":"closed","ping_status":"closed","template":"fullwidth.php","meta":{"footnotes":""},"class_list":["post-1007","page","type-page","status-publish","hentry"],"_links":{"self":[{"href":"https:\/\/nfg24.de\/w_press\/wp-json\/wp\/v2\/pages\/1007","targetHints":{"allow":["GET"]}}],"collection":[{"href":"https:\/\/nfg24.de\/w_press\/wp-json\/wp\/v2\/pages"}],"about":[{"href":"https:\/\/nfg24.de\/w_press\/wp-json\/wp\/v2\/types\/page"}],"author":[{"embeddable":true,"href":"https:\/\/nfg24.de\/w_press\/wp-json\/wp\/v2\/users\/1"}],"replies":[{"embeddable":true,"href":"https:\/\/nfg24.de\/w_press\/wp-json\/wp\/v2\/comments?post=1007"}],"version-history":[{"count":6,"href":"https:\/\/nfg24.de\/w_press\/wp-json\/wp\/v2\/pages\/1007\/revisions"}],"predecessor-version":[{"id":1240,"href":"https:\/\/nfg24.de\/w_press\/wp-json\/wp\/v2\/pages\/1007\/revisions\/1240"}],"up":[{"embeddable":true,"href":"https:\/\/nfg24.de\/w_press\/wp-json\/wp\/v2\/pages\/16"}],"wp:attachment":[{"href":"https:\/\/nfg24.de\/w_press\/wp-json\/wp\/v2\/media?parent=1007"}],"curies":[{"name":"wp","href":"https:\/\/api.w.org\/{rel}","templated":true}]}}